Last updated on 2025-05-01 14:49:25 CEST.
Flavor | Version | Tinstall | Tcheck | Ttotal | Status | Flags |
---|---|---|---|---|---|---|
r-devel-linux-x86_64-debian-clang | 1.0-2 | 2.16 | 22.71 | 24.87 | NOTE | |
r-devel-linux-x86_64-debian-gcc | 1.0-2 | 1.79 | 19.01 | 20.80 | NOTE | |
r-devel-linux-x86_64-fedora-clang | 1.0-2 | 37.71 | OK | |||
r-devel-linux-x86_64-fedora-gcc | 1.0-2 | 36.52 | OK | |||
r-devel-windows-x86_64 | 1.0-2 | 4.00 | 47.00 | 51.00 | OK | |
r-patched-linux-x86_64 | 1.0-2 | 2.04 | 21.57 | 23.61 | OK | |
r-release-linux-x86_64 | OK | |||||
r-release-macos-arm64 | 1.0-2 | 22.00 | OK | |||
r-release-macos-x86_64 | 1.0-2 | 27.00 | OK | |||
r-release-windows-x86_64 | 1.0-2 | 4.00 | 59.00 | 63.00 | OK | |
r-oldrel-macos-arm64 | 1.0-2 | 16.00 | OK | |||
r-oldrel-macos-x86_64 | 1.0-2 | 23.00 | OK | |||
r-oldrel-windows-x86_64 | 1.0-2 | 5.00 | 47.00 | 52.00 | OK |
Version: 1.0-2
Check: CRAN incoming feasibility
Result: NOTE
Maintainer: ‘Frederick Novomestky <fnovomes@poly.edu>’
No Authors@R field in DESCRIPTION.
Please add one, modifying
Authors@R: c(person(given = "Frederick",
family = "Novomestky",
role = c("aut", "cre"),
email = "fn334@nyu.edu"),
person(given = "Saralees",
family = "Nadarajah",
role = "aut",
email = "saralees.nadarajah@manchester.ac.uk"))
as necessary.
Flavors: r-devel-linux-x86_64-debian-clang, r-devel-linux-x86_64-debian-gcc
These binaries (installable software) and packages are in development.
They may not be fully stable and should be used with caution. We make no claims about them.