CRAN Package Check Results for Package truncnormbayes

Last updated on 2025-07-21 15:51:19 CEST.

Flavor Version Tinstall Tcheck Ttotal Status Flags
r-devel-linux-x86_64-debian-clang 0.0.3 118.11 679.56 797.67 OK
r-devel-linux-x86_64-debian-gcc 0.0.3 111.46 213.74 325.20 OK
r-devel-linux-x86_64-fedora-clang 0.0.3 1429.76 OK
r-devel-linux-x86_64-fedora-gcc 0.0.3 755.06 OK
r-devel-windows-x86_64 0.0.3 141.00 560.00 701.00 OK
r-patched-linux-x86_64 0.0.3 145.15 298.91 444.06 OK
r-release-linux-x86_64 0.0.3 145.89 299.43 445.32 OK
r-release-macos-arm64 0.0.3 222.00 OK
r-release-macos-x86_64 0.0.3 535.00 OK
r-release-windows-x86_64 0.0.3 141.00 457.00 598.00 OK
r-oldrel-macos-arm64 0.0.3 130.00 NOTE
r-oldrel-macos-x86_64 0.0.3 234.00 NOTE
r-oldrel-windows-x86_64 0.0.3 162.00 546.00 708.00 NOTE

Check Details

Version: 0.0.3
Check: installed package size
Result: NOTE installed size is 40.5Mb sub-directories of 1Mb or more: libs 40.3Mb Flavors: r-oldrel-macos-arm64, r-oldrel-macos-x86_64

Version: 0.0.3
Check: for GNU extensions in Makefiles
Result: NOTE GNU make is a SystemRequirements. Flavors: r-oldrel-macos-arm64, r-oldrel-macos-x86_64, r-oldrel-windows-x86_64

These binaries (installable software) and packages are in development.
They may not be fully stable and should be used with caution. We make no claims about them.