CRAN Package Check Results for Package trustedtimestamping

Last updated on 2025-02-16 08:51:04 CET.

Flavor Version Tinstall Tcheck Ttotal Status Flags
r-devel-linux-x86_64-debian-clang 0.2.6 1.90 19.66 21.56 OK
r-devel-linux-x86_64-debian-gcc 0.2.6 1.57 16.20 17.77 OK
r-devel-linux-x86_64-fedora-clang 0.2.6 35.39 OK
r-devel-linux-x86_64-fedora-gcc 0.2.6 32.84 OK
r-devel-macos-arm64 0.2.6 17.00 OK
r-devel-macos-x86_64 0.2.6 26.00 OK
r-devel-windows-x86_64 0.2.6 3.00 43.00 46.00 OK
r-patched-linux-x86_64 0.2.6 1.80 18.83 20.63 NOTE
r-release-linux-x86_64 0.2.6 1.86 19.16 21.02 NOTE
r-release-macos-arm64 0.2.6 15.00 NOTE
r-release-macos-x86_64 0.2.6 21.00 NOTE
r-release-windows-x86_64 0.2.6 4.00 43.00 47.00 NOTE
r-oldrel-macos-arm64 0.2.6 18.00 NOTE
r-oldrel-macos-x86_64 0.2.6 21.00 NOTE
r-oldrel-windows-x86_64 0.2.6 4.00 75.00 79.00 NOTE

Additional issues

donttest

Check Details

Version: 0.2.6
Check: LazyData
Result: NOTE 'LazyData' is specified without a 'data' directory Flavors: r-patched-linux-x86_64, r-release-linux-x86_64, r-release-macos-arm64, r-release-macos-x86_64, r-release-windows-x86_64, r-oldrel-macos-arm64, r-oldrel-macos-x86_64, r-oldrel-windows-x86_64

These binaries (installable software) and packages are in development.
They may not be fully stable and should be used with caution. We make no claims about them.