Last updated on 2025-05-01 17:56:19 CEST.
Flavor | Version | Tinstall | Tcheck | Ttotal | Status | Flags |
---|---|---|---|---|---|---|
r-devel-linux-x86_64-debian-clang | 1.3.1 | 2.09 | 34.46 | 36.55 | NOTE | |
r-devel-linux-x86_64-debian-gcc | 1.3.1 | 1.55 | 27.20 | 28.75 | NOTE | |
r-devel-linux-x86_64-fedora-clang | 1.3.1 | 57.32 | NOTE | |||
r-devel-linux-x86_64-fedora-gcc | 1.3.1 | 85.01 | NOTE | |||
r-devel-windows-x86_64 | 1.3.1 | 4.00 | 63.00 | 67.00 | NOTE | |
r-patched-linux-x86_64 | 1.3.1 | 2.49 | 33.28 | 35.77 | NOTE | |
r-release-linux-x86_64 | NOTE | |||||
r-release-macos-arm64 | 1.3.1 | 34.00 | NOTE | |||
r-release-macos-x86_64 | 1.3.1 | 91.00 | NOTE | |||
r-release-windows-x86_64 | 1.3.1 | 4.00 | 68.00 | 72.00 | NOTE | |
r-oldrel-macos-arm64 | 1.3.1 | 41.00 | NOTE | |||
r-oldrel-macos-x86_64 | 1.3.1 | 70.00 | NOTE | |||
r-oldrel-windows-x86_64 | 1.3.1 | 4.00 | 69.00 | 73.00 | NOTE |
Version: 1.3.1
Check: dependencies in R code
Result: NOTE
There are ::: calls to the package's namespace in its code. A package
almost never needs to use ::: for its own objects:
‘log2console’
Flavors: r-devel-linux-x86_64-debian-clang, r-devel-linux-x86_64-debian-gcc, r-devel-linux-x86_64-fedora-clang, r-devel-linux-x86_64-fedora-gcc, r-devel-windows-x86_64, r-patched-linux-x86_64, r-release-linux-x86_64, r-release-macos-arm64, r-release-macos-x86_64, r-release-windows-x86_64, r-oldrel-macos-arm64, r-oldrel-macos-x86_64, r-oldrel-windows-x86_64
These binaries (installable software) and packages are in development.
They may not be fully stable and should be used with caution. We make no claims about them.