CRAN Package Check Results for Package tsModel

Last updated on 2025-07-04 21:50:21 CEST.

Flavor Version Tinstall Tcheck Ttotal Status Flags
r-devel-linux-x86_64-debian-clang 0.6-2 2.07 21.73 23.80 NOTE
r-devel-linux-x86_64-debian-gcc 0.6-2 1.58 18.22 19.80 NOTE
r-devel-linux-x86_64-fedora-clang 0.6-2 38.44 OK
r-devel-linux-x86_64-fedora-gcc 0.6-2 35.30 OK
r-devel-windows-x86_64 0.6-2 4.00 43.00 47.00 OK
r-patched-linux-x86_64 0.6-2 2.09 20.21 22.30 OK
r-release-linux-x86_64 0.6-2 1.64 20.53 22.17 OK
r-release-macos-arm64 0.6-2 16.00 OK
r-release-macos-x86_64 0.6-2 26.00 OK
r-release-windows-x86_64 0.6-2 3.00 44.00 47.00 OK
r-oldrel-macos-arm64 0.6-2 21.00 OK
r-oldrel-macos-x86_64 0.6-2 52.00 OK
r-oldrel-windows-x86_64 0.6-2 5.00 48.00 53.00 OK

Check Details

Version: 0.6-2
Check: CRAN incoming feasibility
Result: NOTE Maintainer: ‘Roger D. Peng <roger.peng@austin.utexas.edu>’ No Authors@R field in DESCRIPTION. Please add one, modifying Authors@R: c(person(given = c("Roger", "D."), family = "Peng", role = c("aut", "cre"), email = "roger.peng@austin.utexas.edu"), person(given = c("with", "contributions", "from", "Aidan"), family = "McDermott", role = "aut")) as necessary. Flavors: r-devel-linux-x86_64-debian-clang, r-devel-linux-x86_64-debian-gcc

These binaries (installable software) and packages are in development.
They may not be fully stable and should be used with caution. We make no claims about them.