Last updated on 2025-05-01 15:49:47 CEST.
Flavor | Version | Tinstall | Tcheck | Ttotal | Status | Flags |
---|---|---|---|---|---|---|
r-devel-linux-x86_64-debian-clang | 0.6-2 | 2.11 | 21.01 | 23.12 | NOTE | |
r-devel-linux-x86_64-debian-gcc | 0.6-2 | 1.47 | 17.71 | 19.18 | NOTE | |
r-devel-linux-x86_64-fedora-clang | 0.6-2 | 35.71 | OK | |||
r-devel-linux-x86_64-fedora-gcc | 0.6-2 | 34.58 | OK | |||
r-devel-windows-x86_64 | 0.6-2 | 3.00 | 47.00 | 50.00 | OK | |
r-patched-linux-x86_64 | 0.6-2 | 1.90 | 20.74 | 22.64 | OK | |
r-release-linux-x86_64 | OK | |||||
r-release-macos-arm64 | 0.6-2 | 16.00 | OK | |||
r-release-macos-x86_64 | 0.6-2 | 26.00 | OK | |||
r-release-windows-x86_64 | 0.6-2 | 4.00 | 48.00 | 52.00 | OK | |
r-oldrel-macos-arm64 | 0.6-2 | 21.00 | OK | |||
r-oldrel-macos-x86_64 | 0.6-2 | 52.00 | OK | |||
r-oldrel-windows-x86_64 | 0.6-2 | 3.00 | 42.00 | 45.00 | OK |
Version: 0.6-2
Check: CRAN incoming feasibility
Result: NOTE
Maintainer: ‘Roger D. Peng <roger.peng@austin.utexas.edu>’
No Authors@R field in DESCRIPTION.
Please add one, modifying
Authors@R: c(person(given = c("Roger", "D."),
family = "Peng",
role = c("aut", "cre"),
email = "roger.peng@austin.utexas.edu"),
person(given = c("with", "contributions", "from", "Aidan"),
family = "McDermott",
role = "aut"))
as necessary.
Flavors: r-devel-linux-x86_64-debian-clang, r-devel-linux-x86_64-debian-gcc
These binaries (installable software) and packages are in development.
They may not be fully stable and should be used with caution. We make no claims about them.