CRAN Package Check Results for Package tsPI

Last updated on 2025-10-25 21:49:57 CEST.

Flavor Version Tinstall Tcheck Ttotal Status Flags
r-devel-linux-x86_64-debian-clang 1.0.4 4.00 34.25 38.25 NOTE
r-devel-linux-x86_64-debian-gcc 1.0.4 2.77 25.45 28.22 NOTE
r-devel-linux-x86_64-fedora-clang 1.0.4 18.00 43.71 61.71 OK
r-devel-linux-x86_64-fedora-gcc 1.0.4 55.96 OK
r-devel-windows-x86_64 1.0.4 7.00 61.00 68.00 OK
r-patched-linux-x86_64 1.0.4 3.69 31.97 35.66 OK
r-release-linux-x86_64 1.0.4 3.08 31.97 35.05 OK
r-release-macos-arm64 1.0.4 4.00 19.00 23.00 OK
r-release-macos-x86_64 1.0.4 5.00 36.00 41.00 OK
r-release-windows-x86_64 1.0.4 7.00 61.00 68.00 OK
r-oldrel-macos-arm64 1.0.4 3.00 19.00 22.00 OK
r-oldrel-macos-x86_64 1.0.4 4.00 28.00 32.00 OK
r-oldrel-windows-x86_64 1.0.4 7.00 66.00 73.00 OK

Check Details

Version: 1.0.4
Check: CRAN incoming feasibility
Result: NOTE Maintainer: ‘Jouni Helske <jouni.helske@iki.fi>’ No Authors@R field in DESCRIPTION. Please add one, modifying Authors@R: person(given = "Jouni", family = "Helske", role = c("aut", "cre"), email = "jouni.helske@iki.fi") as necessary. Flavors: r-devel-linux-x86_64-debian-clang, r-devel-linux-x86_64-debian-gcc

These binaries (installable software) and packages are in development.
They may not be fully stable and should be used with caution. We make no claims about them.