CRAN Package Check Results for Package tsapp

Last updated on 2025-10-03 11:51:05 CEST.

Flavor Version Tinstall Tcheck Ttotal Status Flags
r-devel-linux-x86_64-debian-clang 1.0.4 10.29 79.93 90.22 NOTE
r-devel-linux-x86_64-debian-gcc 1.0.4 8.07 60.08 68.15 NOTE
r-devel-linux-x86_64-fedora-clang 1.0.4 139.78 OK
r-devel-linux-x86_64-fedora-gcc 1.0.4 132.10 OK
r-devel-windows-x86_64 1.0.4 13.00 118.00 131.00 OK
r-patched-linux-x86_64 1.0.4 11.30 78.30 89.60 OK
r-release-linux-x86_64 1.0.4 10.25 77.15 87.40 OK
r-release-macos-arm64 1.0.4 46.00 OK
r-release-macos-x86_64 1.0.4 79.00 OK
r-release-windows-x86_64 1.0.4 13.00 116.00 129.00 OK
r-oldrel-macos-arm64 1.0.4 39.00 OK
r-oldrel-macos-x86_64 1.0.4 61.00 OK
r-oldrel-windows-x86_64 1.0.4 17.00 137.00 154.00 OK

Check Details

Version: 1.0.4
Check: CRAN incoming feasibility
Result: NOTE Maintainer: ‘Rainer Schlittgen <R.Schlittgen@t-online.de>’ No Authors@R field in DESCRIPTION. Please add one, modifying Authors@R: person(given = "Rainer", family = "Schlittgen", role = c("aut", "cre"), email = "r.schlittgen@t-online.de") as necessary. Flavors: r-devel-linux-x86_64-debian-clang, r-devel-linux-x86_64-debian-gcc

These binaries (installable software) and packages are in development.
They may not be fully stable and should be used with caution. We make no claims about them.