Last updated on 2025-05-01 14:49:25 CEST.
Flavor | Version | Tinstall | Tcheck | Ttotal | Status | Flags |
---|---|---|---|---|---|---|
r-devel-linux-x86_64-debian-clang | 0.3.9 | 9.90 | 336.74 | 346.64 | NOTE | |
r-devel-linux-x86_64-debian-gcc | 0.3.9 | 5.35 | 235.64 | 240.99 | OK | |
r-devel-linux-x86_64-fedora-clang | 0.3.9 | 526.73 | OK | |||
r-devel-linux-x86_64-fedora-gcc | 0.3.9 | 546.65 | OK | |||
r-devel-windows-x86_64 | 0.3.9 | 12.00 | 526.00 | 538.00 | OK | |
r-patched-linux-x86_64 | 0.3.9 | 11.18 | 329.11 | 340.29 | OK | |
r-release-linux-x86_64 | OK | |||||
r-release-macos-arm64 | 0.3.9 | 258.00 | OK | |||
r-release-macos-x86_64 | 0.3.9 | 350.00 | OK | |||
r-release-windows-x86_64 | 0.3.9 | 14.00 | 532.00 | 546.00 | OK | |
r-oldrel-macos-arm64 | 0.3.9 | 157.00 | OK | |||
r-oldrel-macos-x86_64 | 0.3.9 | 258.00 | OK | |||
r-oldrel-windows-x86_64 | 0.3.9 | 14.00 | 618.00 | 632.00 | OK |
Version: 0.3.9
Check: examples
Result: NOTE
Examples with CPU (user + system) or elapsed time > 5s
user system elapsed
profilefulcrum 4.782 0.018 5.779
Flavor: r-devel-linux-x86_64-debian-clang
These binaries (installable software) and packages are in development.
They may not be fully stable and should be used with caution. We make no claims about them.