Last updated on 2025-05-01 15:49:47 CEST.
Flavor | Version | Tinstall | Tcheck | Ttotal | Status | Flags |
---|---|---|---|---|---|---|
r-devel-linux-x86_64-debian-clang | 2.1.1 | 6.35 | 60.11 | 66.46 | NOTE | |
r-devel-linux-x86_64-debian-gcc | 2.1.1 | 4.56 | 44.01 | 48.57 | NOTE | |
r-devel-linux-x86_64-fedora-clang | 2.1.1 | 96.51 | NOTE | |||
r-devel-linux-x86_64-fedora-gcc | 2.1.1 | 99.85 | NOTE | |||
r-devel-windows-x86_64 | 2.1.1 | 8.00 | 76.00 | 84.00 | NOTE | |
r-patched-linux-x86_64 | 2.1.1 | 5.68 | 56.15 | 61.83 | NOTE | |
r-release-linux-x86_64 | NOTE | |||||
r-release-macos-arm64 | 2.1.1 | 42.00 | NOTE | |||
r-release-macos-x86_64 | 2.1.1 | 66.00 | NOTE | |||
r-release-windows-x86_64 | 2.1.1 | 8.00 | 81.00 | 89.00 | NOTE | |
r-oldrel-macos-arm64 | 2.1.1 | 36.00 | OK | |||
r-oldrel-macos-x86_64 | 2.1.1 | 52.00 | OK | |||
r-oldrel-windows-x86_64 | 2.1.1 | 11.00 | 84.00 | 95.00 | OK |
Version: 2.1.1
Check: DESCRIPTION meta-information
Result: NOTE
Missing dependency on R >= 4.1.0 because package code uses the pipe
|> or function shorthand \(...) syntax added in R 4.1.0.
File(s) using such syntax:
‘calc_distance.R’ ‘reason_dataleaks.R’ ‘viz_dataleaks.R’
Flavors: r-devel-linux-x86_64-debian-clang, r-devel-linux-x86_64-debian-gcc, r-devel-linux-x86_64-fedora-clang, r-devel-linux-x86_64-fedora-gcc, r-devel-windows-x86_64, r-patched-linux-x86_64, r-release-linux-x86_64, r-release-macos-arm64, r-release-macos-x86_64, r-release-windows-x86_64
These binaries (installable software) and packages are in development.
They may not be fully stable and should be used with caution. We make no claims about them.