CRAN Package Check Results for Package tsdisagg2

Last updated on 2025-10-25 21:49:57 CEST.

Flavor Version Tinstall Tcheck Ttotal Status Flags
r-devel-linux-x86_64-debian-clang 0.1.0 1.96 27.19 29.15 NOTE
r-devel-linux-x86_64-debian-gcc 0.1.0 1.68 22.60 24.28 NOTE
r-devel-linux-x86_64-fedora-clang 0.1.0 14.00 31.80 45.80 OK
r-devel-linux-x86_64-fedora-gcc 0.1.0 58.31 OK
r-devel-windows-x86_64 0.1.0 4.00 58.00 62.00 OK
r-patched-linux-x86_64 0.1.0 1.96 26.71 28.67 OK
r-release-linux-x86_64 0.1.0 1.71 26.26 27.97 OK
r-release-macos-arm64 0.1.0 1.00 26.00 27.00 OK
r-release-macos-x86_64 0.1.0 2.00 43.00 45.00 OK
r-release-windows-x86_64 0.1.0 4.00 62.00 66.00 OK
r-oldrel-macos-arm64 0.1.0 1.00 23.00 24.00 OK
r-oldrel-macos-x86_64 0.1.0 2.00 33.00 35.00 OK
r-oldrel-windows-x86_64 0.1.0 3.00 64.00 67.00 OK

Check Details

Version: 0.1.0
Check: CRAN incoming feasibility
Result: NOTE Maintainer: ‘Jorge Vieira <jorgealexandrevieira@gmail.com>’ No Authors@R field in DESCRIPTION. Please add one, modifying Authors@R: person(given = "Jorge", family = "Vieira", role = c("aut", "cre"), email = "jorgealexandrevieira@gmail.com") as necessary. Flavors: r-devel-linux-x86_64-debian-clang, r-devel-linux-x86_64-debian-gcc

These binaries (installable software) and packages are in development.
They may not be fully stable and should be used with caution. We make no claims about them.