Last updated on 2025-10-09 17:50:56 CEST.
Flavor | Version | Tinstall | Tcheck | Ttotal | Status | Flags |
---|---|---|---|---|---|---|
r-devel-linux-x86_64-debian-clang | 1.0.3 | 101.63 | 535.81 | 637.44 | OK | |
r-devel-linux-x86_64-debian-gcc | 1.0.3 | 85.22 | 329.90 | 415.12 | OK | |
r-devel-linux-x86_64-fedora-clang | 1.0.3 | 1130.33 | OK | |||
r-devel-linux-x86_64-fedora-gcc | 1.0.3 | 1133.36 | OK | |||
r-devel-windows-x86_64 | 1.0.3 | 114.00 | 565.00 | 679.00 | OK | |
r-patched-linux-x86_64 | 1.0.3 | 120.58 | 532.66 | 653.24 | OK | |
r-release-linux-x86_64 | 1.0.3 | 116.45 | 529.02 | 645.47 | OK | |
r-release-macos-arm64 | 1.0.3 | 158.00 | OK | |||
r-release-macos-x86_64 | 1.0.3 | 316.00 | OK | |||
r-release-windows-x86_64 | 1.0.3 | 110.00 | 562.00 | 672.00 | OK | |
r-oldrel-macos-arm64 | 1.0.3 | 183.00 | NOTE | |||
r-oldrel-macos-x86_64 | 1.0.3 | 344.00 | NOTE | |||
r-oldrel-windows-x86_64 | 1.0.3 | 133.00 | 749.00 | 882.00 | NOTE |
Version: 1.0.3
Check: installed package size
Result: NOTE
installed size is 45.7Mb
sub-directories of 1Mb or more:
libs 45.0Mb
Flavors: r-oldrel-macos-arm64, r-oldrel-macos-x86_64, r-oldrel-windows-x86_64
These binaries (installable software) and packages are in development.
They may not be fully stable and should be used with caution. We make no claims about them.