Last updated on 2025-02-16 08:51:04 CET.
Flavor | Version | Tinstall | Tcheck | Ttotal | Status | Flags |
---|---|---|---|---|---|---|
r-devel-linux-x86_64-debian-clang | 1.0.2 | 94.63 | 275.41 | 370.04 | OK | |
r-devel-linux-x86_64-debian-gcc | 1.0.2 | 85.61 | 202.94 | 288.55 | OK | |
r-devel-linux-x86_64-fedora-clang | 1.0.2 | 613.44 | OK | |||
r-devel-linux-x86_64-fedora-gcc | 1.0.2 | 716.65 | OK | |||
r-devel-macos-arm64 | 1.0.2 | 187.00 | OK | |||
r-devel-macos-x86_64 | 1.0.2 | 421.00 | OK | |||
r-devel-windows-x86_64 | 1.0.2 | 102.00 | 360.00 | 462.00 | OK | |
r-patched-linux-x86_64 | 1.0.2 | 114.88 | 278.86 | 393.74 | OK | |
r-release-linux-x86_64 | 1.0.2 | 110.58 | 278.21 | 388.79 | OK | |
r-release-macos-arm64 | 1.0.2 | 199.00 | NOTE | |||
r-release-macos-x86_64 | 1.0.2 | 566.00 | NOTE | |||
r-release-windows-x86_64 | 1.0.2 | 104.00 | 355.00 | 459.00 | NOTE | |
r-oldrel-macos-arm64 | 1.0.2 | 269.00 | NOTE | |||
r-oldrel-macos-x86_64 | 1.0.2 | 558.00 | NOTE | |||
r-oldrel-windows-x86_64 | 1.0.2 | 130.00 | 473.00 | 603.00 | NOTE |
Version: 1.0.2
Check: installed package size
Result: NOTE
installed size is 46.2Mb
sub-directories of 1Mb or more:
libs 45.5Mb
Flavors: r-release-macos-arm64, r-release-macos-x86_64, r-release-windows-x86_64, r-oldrel-macos-arm64, r-oldrel-macos-x86_64, r-oldrel-windows-x86_64
These binaries (installable software) and packages are in development.
They may not be fully stable and should be used with caution. We make no claims about them.