Last updated on 2025-07-02 01:51:54 CEST.
Flavor | Version | Tinstall | Tcheck | Ttotal | Status | Flags |
---|---|---|---|---|---|---|
r-devel-linux-x86_64-debian-clang | 0.1.0 | 17.72 | 128.70 | 146.42 | NOTE | |
r-devel-linux-x86_64-debian-gcc | 0.1.0 | 12.02 | 92.49 | 104.51 | NOTE | |
r-devel-linux-x86_64-fedora-clang | 0.1.0 | 231.80 | OK | |||
r-devel-linux-x86_64-fedora-gcc | 0.1.0 | 225.82 | OK | |||
r-devel-windows-x86_64 | 0.1.0 | 18.00 | 146.00 | 164.00 | OK | |
r-patched-linux-x86_64 | OK | |||||
r-release-linux-x86_64 | 0.1.0 | 15.93 | 121.10 | 137.03 | OK | |
r-release-macos-arm64 | 0.1.0 | 106.00 | OK | |||
r-release-macos-x86_64 | 0.1.0 | 131.00 | OK | |||
r-release-windows-x86_64 | 0.1.0 | 18.00 | 147.00 | 165.00 | OK | |
r-oldrel-macos-arm64 | 0.1.0 | 64.00 | OK | |||
r-oldrel-macos-x86_64 | 0.1.0 | 100.00 | OK | |||
r-oldrel-windows-x86_64 | 0.1.0 | 25.00 | 174.00 | 199.00 | OK |
Version: 0.1.0
Check: CRAN incoming feasibility
Result: NOTE
Maintainer: ‘Vitor Cerqueira <cerqueira.vitormanuel@gmail.com>’
Package CITATION file contains call(s) to old-style personList() or
as.personList(). Please use c() on person objects instead.
Package CITATION file contains call(s) to old-style citEntry(). Please
use bibentry() instead.
Flavors: r-devel-linux-x86_64-debian-clang, r-devel-linux-x86_64-debian-gcc
These binaries (installable software) and packages are in development.
They may not be fully stable and should be used with caution. We make no claims about them.