Last updated on 2025-05-08 04:52:21 CEST.
Flavor | Version | Tinstall | Tcheck | Ttotal | Status | Flags |
---|---|---|---|---|---|---|
r-devel-linux-x86_64-debian-clang | 0.1.0 | 16.08 | 127.83 | 143.91 | NOTE | |
r-devel-linux-x86_64-debian-gcc | 0.1.0 | 12.63 | 89.97 | 102.60 | NOTE | |
r-devel-linux-x86_64-fedora-clang | 0.1.0 | 237.40 | OK | |||
r-devel-linux-x86_64-fedora-gcc | 0.1.0 | 226.70 | OK | |||
r-devel-windows-x86_64 | 0.1.0 | 18.00 | 141.00 | 159.00 | OK | |
r-patched-linux-x86_64 | 0.1.0 | 18.07 | 123.14 | 141.21 | OK | |
r-release-linux-x86_64 | 0.1.0 | 17.47 | 121.38 | 138.85 | OK | |
r-release-macos-arm64 | 0.1.0 | 106.00 | OK | |||
r-release-macos-x86_64 | 0.1.0 | 131.00 | OK | |||
r-release-windows-x86_64 | 0.1.0 | 19.00 | 148.00 | 167.00 | OK | |
r-oldrel-macos-arm64 | 0.1.0 | 64.00 | OK | |||
r-oldrel-macos-x86_64 | 0.1.0 | 100.00 | OK | |||
r-oldrel-windows-x86_64 | 0.1.0 | 25.00 | 180.00 | 205.00 | OK |
Version: 0.1.0
Check: CRAN incoming feasibility
Result: NOTE
Maintainer: ‘Vitor Cerqueira <cerqueira.vitormanuel@gmail.com>’
Package CITATION file contains call(s) to old-style personList() or
as.personList(). Please use c() on person objects instead.
Package CITATION file contains call(s) to old-style citEntry(). Please
use bibentry() instead.
Flavors: r-devel-linux-x86_64-debian-clang, r-devel-linux-x86_64-debian-gcc
These binaries (installable software) and packages are in development.
They may not be fully stable and should be used with caution. We make no claims about them.