CRAN Package Check Results for Package tsentiment

Last updated on 2025-07-26 00:49:20 CEST.

Flavor Version Tinstall Tcheck Ttotal Status Flags
r-devel-linux-x86_64-debian-clang 1.0.5 9.71 78.73 88.44 NOTE
r-devel-linux-x86_64-debian-gcc 1.0.5 6.79 56.64 63.43 NOTE
r-devel-linux-x86_64-fedora-clang 1.0.5 136.19 OK
r-devel-linux-x86_64-fedora-gcc 1.0.5 125.33 OK
r-devel-windows-x86_64 1.0.5 10.00 92.00 102.00 OK
r-patched-linux-x86_64 1.0.5 9.38 72.12 81.50 OK
r-release-linux-x86_64 1.0.5 8.42 71.44 79.86 OK
r-release-macos-arm64 1.0.5 44.00 OK
r-release-macos-x86_64 1.0.5 71.00 OK
r-release-windows-x86_64 1.0.5 12.00 85.00 97.00 OK
r-oldrel-macos-arm64 1.0.5 37.00 OK
r-oldrel-macos-x86_64 1.0.5 55.00 OK
r-oldrel-windows-x86_64 1.0.5 14.00 106.00 120.00 OK

Check Details

Version: 1.0.5
Check: CRAN incoming feasibility
Result: NOTE Maintainer: ‘Hakki Sabah <hakkisabah@hotmail.com>’ No Authors@R field in DESCRIPTION. Please add one, modifying Authors@R: person(given = "Hakki", family = "Sabah", role = c("aut", "cre"), email = "hakkisabah@hotmail.com") as necessary. Flavors: r-devel-linux-x86_64-debian-clang, r-devel-linux-x86_64-debian-gcc

These binaries (installable software) and packages are in development.
They may not be fully stable and should be used with caution. We make no claims about them.