CRAN Package Check Results for Package tsentiment

Last updated on 2025-10-03 01:50:08 CEST.

Flavor Version Tinstall Tcheck Ttotal Status Flags
r-devel-linux-x86_64-debian-clang 1.0.5 10.56 88.29 98.85 NOTE
r-devel-linux-x86_64-debian-gcc 1.0.5 7.67 62.59 70.26 NOTE
r-devel-linux-x86_64-fedora-clang 1.0.5 149.66 OK
r-devel-linux-x86_64-fedora-gcc 1.0.5 140.67 OK
r-devel-windows-x86_64 1.0.5 13.00 90.00 103.00 OK
r-patched-linux-x86_64 1.0.5 9.98 80.64 90.62 OK
r-release-linux-x86_64 1.0.5 9.83 81.13 90.96 OK
r-release-macos-arm64 1.0.5 44.00 OK
r-release-macos-x86_64 1.0.5 71.00 OK
r-release-windows-x86_64 1.0.5 11.00 89.00 100.00 OK
r-oldrel-macos-arm64 1.0.5 37.00 OK
r-oldrel-macos-x86_64 1.0.5 55.00 OK
r-oldrel-windows-x86_64 1.0.5 14.00 113.00 127.00 OK

Check Details

Version: 1.0.5
Check: CRAN incoming feasibility
Result: NOTE Maintainer: ‘Hakki Sabah <hakkisabah@hotmail.com>’ No Authors@R field in DESCRIPTION. Please add one, modifying Authors@R: person(given = "Hakki", family = "Sabah", role = c("aut", "cre"), email = "hakkisabah@hotmail.com") as necessary. Flavors: r-devel-linux-x86_64-debian-clang, r-devel-linux-x86_64-debian-gcc

These binaries (installable software) and packages are in development.
They may not be fully stable and should be used with caution. We make no claims about them.