Last updated on 2025-02-16 08:51:04 CET.
Flavor | Version | Tinstall | Tcheck | Ttotal | Status | Flags |
---|---|---|---|---|---|---|
r-devel-linux-x86_64-debian-clang | 0.10-58 | 9.88 | 45.18 | 55.06 | OK | |
r-devel-linux-x86_64-debian-gcc | 0.10-58 | 6.12 | 33.65 | 39.77 | OK | |
r-devel-linux-x86_64-fedora-clang | 0.10-58 | 87.02 | NOTE | |||
r-devel-linux-x86_64-fedora-gcc | 0.10-58 | 80.86 | NOTE | |||
r-devel-macos-arm64 | 0.10-58 | 37.00 | OK | |||
r-devel-macos-x86_64 | 0.10-58 | 60.00 | OK | |||
r-devel-windows-x86_64 | 0.10-58 | 16.00 | 75.00 | 91.00 | OK | |
r-patched-linux-x86_64 | 0.10-58 | 9.04 | 42.95 | 51.99 | OK | |
r-release-linux-x86_64 | 0.10-58 | 8.39 | 43.01 | 51.40 | OK | |
r-release-macos-arm64 | 0.10-58 | 34.00 | OK | |||
r-release-macos-x86_64 | 0.10-58 | 49.00 | OK | |||
r-release-windows-x86_64 | 0.10-58 | 17.00 | 78.00 | 95.00 | OK | |
r-oldrel-macos-arm64 | 0.10-58 | 40.00 | OK | |||
r-oldrel-macos-x86_64 | 0.10-58 | 54.00 | OK | |||
r-oldrel-windows-x86_64 | 0.10-58 | 16.00 | 89.00 | 105.00 | OK |
Version: 0.10-58
Check: dependencies in R code
Result: NOTE
Namespace in Imports field not imported from: ‘jsonlite’
All declared Imports should be used.
Flavors: r-devel-linux-x86_64-fedora-clang, r-devel-linux-x86_64-fedora-gcc
These binaries (installable software) and packages are in development.
They may not be fully stable and should be used with caution. We make no claims about them.