Last updated on 2025-10-24 17:50:58 CEST.
| Flavor | Version | Tinstall | Tcheck | Ttotal | Status | Flags |
|---|---|---|---|---|---|---|
| r-devel-linux-x86_64-debian-clang | 0.10-58 | 9.07 | 48.71 | 57.78 | OK | |
| r-devel-linux-x86_64-debian-gcc | 0.10-58 | 5.85 | 36.46 | 42.31 | OK | |
| r-devel-linux-x86_64-fedora-clang | 0.10-58 | 43.00 | 47.56 | 90.56 | NOTE | |
| r-devel-linux-x86_64-fedora-gcc | 0.10-58 | 26.00 | 60.03 | 86.03 | NOTE | |
| r-devel-windows-x86_64 | 0.10-58 | 15.00 | 75.00 | 90.00 | OK | |
| r-patched-linux-x86_64 | 0.10-58 | 9.52 | 46.82 | 56.34 | OK | |
| r-release-linux-x86_64 | 0.10-58 | 7.56 | 46.80 | 54.36 | OK | |
| r-release-macos-arm64 | 0.10-58 | 7.00 | 31.00 | 38.00 | OK | |
| r-release-macos-x86_64 | 0.10-58 | 10.00 | 52.00 | 62.00 | OK | |
| r-release-windows-x86_64 | 0.10-58 | 15.00 | 87.00 | 102.00 | OK | |
| r-oldrel-macos-arm64 | 0.10-58 | 6.00 | 28.00 | 34.00 | OK | |
| r-oldrel-macos-x86_64 | 0.10-58 | 7.00 | 42.00 | 49.00 | OK | |
| r-oldrel-windows-x86_64 | 0.10-58 | 22.00 | 92.00 | 114.00 | OK |
Version: 0.10-58
Check: dependencies in R code
Result: NOTE
Namespace in Imports field not imported from: ‘jsonlite’
All declared Imports should be used.
Flavors: r-devel-linux-x86_64-fedora-clang, r-devel-linux-x86_64-fedora-gcc
These binaries (installable software) and packages are in development.
They may not be fully stable and should be used with caution. We make no claims about them.