Last updated on 2025-05-01 14:49:25 CEST.
Flavor | Version | Tinstall | Tcheck | Ttotal | Status | Flags |
---|---|---|---|---|---|---|
r-devel-linux-x86_64-debian-clang | 0.5-1 | 35.14 | 98.53 | 133.67 | NOTE | |
r-devel-linux-x86_64-debian-gcc | 0.5-1 | 35.65 | 71.43 | 107.08 | OK | |
r-devel-linux-x86_64-fedora-clang | 0.5-1 | 216.14 | NOTE | |||
r-devel-linux-x86_64-fedora-gcc | 0.5-1 | 243.95 | NOTE | |||
r-devel-windows-x86_64 | 0.5-1 | 55.00 | 115.00 | 170.00 | OK | |
r-patched-linux-x86_64 | 0.5-1 | 49.86 | 91.75 | 141.61 | OK | |
r-release-linux-x86_64 | OK | |||||
r-release-macos-arm64 | 0.5-1 | 106.00 | OK | |||
r-release-macos-x86_64 | 0.5-1 | 137.00 | OK | |||
r-release-windows-x86_64 | 0.5-1 | 56.00 | 119.00 | 175.00 | OK | |
r-oldrel-macos-arm64 | 0.5-1 | 74.00 | OK | |||
r-oldrel-macos-x86_64 | 0.5-1 | 107.00 | OK | |||
r-oldrel-windows-x86_64 | 0.5-1 | 65.00 | 136.00 | 201.00 | OK |
Version: 0.5-1
Check: examples
Result: NOTE
Examples with CPU (user + system) or elapsed time > 5s
user system elapsed
TAR.test.B 4.09 0.01 5.736
Flavor: r-devel-linux-x86_64-debian-clang
Version: 0.5-1
Check: compiled code
Result: NOTE
File ‘tseriesTARMA/libs/tseriesTARMA.so’:
Found no calls to: ‘R_registerRoutines’, ‘R_useDynamicSymbols’
It is good practice to register native routines and to disable symbol
search.
See ‘Writing portable packages’ in the ‘Writing R Extensions’ manual.
Flavors: r-devel-linux-x86_64-fedora-clang, r-devel-linux-x86_64-fedora-gcc
These binaries (installable software) and packages are in development.
They may not be fully stable and should be used with caution. We make no claims about them.