Last updated on 2025-11-03 09:49:47 CET.
| Flavor | Version | Tinstall | Tcheck | Ttotal | Status | Flags |
|---|---|---|---|---|---|---|
| r-devel-linux-x86_64-debian-clang | 1.0.5 | 14.79 | 79.54 | 94.33 | NOTE | |
| r-devel-linux-x86_64-debian-gcc | 1.0.5 | 10.67 | 59.12 | 69.79 | NOTE | |
| r-devel-linux-x86_64-fedora-clang | 1.0.5 | 44.00 | 103.75 | 147.75 | OK | |
| r-devel-linux-x86_64-fedora-gcc | 1.0.5 | 26.00 | 132.69 | 158.69 | OK | |
| r-devel-windows-x86_64 | 1.0.5 | 20.00 | 97.00 | 117.00 | OK | |
| r-patched-linux-x86_64 | 1.0.5 | 14.94 | 73.18 | 88.12 | OK | |
| r-release-linux-x86_64 | 1.0.5 | 14.57 | 72.47 | 87.04 | OK | |
| r-release-macos-arm64 | 1.0.5 | 7.00 | 37.00 | 44.00 | OK | |
| r-release-macos-x86_64 | 1.0.5 | 11.00 | 68.00 | 79.00 | OK | |
| r-release-windows-x86_64 | 1.0.5 | 21.00 | 102.00 | 123.00 | OK | |
| r-oldrel-macos-arm64 | 1.0.5 | 7.00 | 35.00 | 42.00 | OK | |
| r-oldrel-macos-x86_64 | 1.0.5 | 10.00 | 57.00 | 67.00 | OK | |
| r-oldrel-windows-x86_64 | 1.0.5 | 24.00 | 130.00 | 154.00 | OK |
Version: 1.0.5
Check: CRAN incoming feasibility
Result: NOTE
Maintainer: ‘Francisco Martinez <fmartin@ujaen.es>’
The BugReports field in DESCRIPTION has
https://github.com/franciscomartinezdelrio/tsfgrnn
which should likely be
https://github.com/franciscomartinezdelrio/tsfgrnn/issues
instead.
Flavors: r-devel-linux-x86_64-debian-clang, r-devel-linux-x86_64-debian-gcc
These binaries (installable software) and packages are in development.
They may not be fully stable and should be used with caution. We make no claims about them.