Last updated on 2025-10-23 11:50:33 CEST.
Flavor | Version | Tinstall | Tcheck | Ttotal | Status | Flags |
---|---|---|---|---|---|---|
r-devel-linux-x86_64-debian-clang | 1.0.3 | 404.39 | 232.82 | 637.21 | NOTE | |
r-devel-linux-x86_64-debian-gcc | 1.0.3 | 346.83 | 161.50 | 508.33 | NOTE | |
r-devel-linux-x86_64-fedora-clang | 1.0.3 | 1260.00 | -252.51 | 1007.49 | NOTE | |
r-devel-linux-x86_64-fedora-gcc | 1.0.3 | 1080.00 | 286.05 | 1366.05 | NOTE | |
r-devel-windows-x86_64 | 1.0.3 | 414.00 | 288.00 | 702.00 | NOTE | |
r-patched-linux-x86_64 | 1.0.3 | 521.78 | 225.44 | 747.22 | NOTE | |
r-release-linux-x86_64 | 1.0.3 | 520.61 | 226.61 | 747.22 | NOTE | |
r-release-macos-arm64 | 1.0.3 | 422.00 | 136.00 | 558.00 | NOTE | |
r-release-macos-x86_64 | 1.0.3 | 440.00 | 248.00 | 688.00 | NOTE | |
r-release-windows-x86_64 | 1.0.3 | 440.00 | 290.00 | 730.00 | NOTE | |
r-oldrel-macos-arm64 | 1.0.3 | 228.00 | 78.00 | 306.00 | NOTE | |
r-oldrel-macos-x86_64 | 1.0.3 | 291.00 | 116.00 | 407.00 | NOTE | |
r-oldrel-windows-x86_64 | 1.0.3 | 499.00 | 391.00 | 890.00 | NOTE |
Version: 1.0.3
Check: DESCRIPTION meta-information
Result: NOTE
Missing dependency on R >= 4.1.0 because package code uses the pipe
|> or function shorthand \(...) syntax added in R 4.1.0.
File(s) using such syntax:
‘benchmark.R’ ‘print.R’
Flavors: r-devel-linux-x86_64-debian-clang, r-devel-linux-x86_64-debian-gcc, r-devel-linux-x86_64-fedora-clang, r-devel-linux-x86_64-fedora-gcc, r-devel-windows-x86_64, r-patched-linux-x86_64, r-release-linux-x86_64, r-release-macos-arm64, r-release-macos-x86_64, r-release-windows-x86_64
Version: 1.0.3
Check: installed package size
Result: NOTE
installed size is 138.4Mb
sub-directories of 1Mb or more:
libs 137.3Mb
Flavors: r-oldrel-macos-arm64, r-oldrel-macos-x86_64, r-oldrel-windows-x86_64
These binaries (installable software) and packages are in development.
They may not be fully stable and should be used with caution. We make no claims about them.