Last updated on 2025-10-23 11:50:33 CEST.
Flavor | Version | Tinstall | Tcheck | Ttotal | Status | Flags |
---|---|---|---|---|---|---|
r-devel-linux-x86_64-debian-clang | 0.1.0 | 12.49 | 83.24 | 95.73 | OK | |
r-devel-linux-x86_64-debian-gcc | 0.1.0 | 8.36 | 59.77 | 68.13 | OK | |
r-devel-linux-x86_64-fedora-clang | 0.1.0 | 61.00 | 92.16 | 153.16 | NOTE | |
r-devel-linux-x86_64-fedora-gcc | 0.1.0 | 27.00 | 110.18 | 137.18 | NOTE | |
r-devel-windows-x86_64 | 0.1.0 | 13.00 | 84.00 | 97.00 | OK | |
r-patched-linux-x86_64 | 0.1.0 | 11.02 | 76.29 | 87.31 | OK | |
r-release-linux-x86_64 | 0.1.0 | 11.81 | 75.96 | 87.77 | OK | |
r-release-macos-arm64 | 0.1.0 | 5.00 | 44.00 | 49.00 | OK | |
r-release-macos-x86_64 | 0.1.0 | 9.00 | 53.00 | 62.00 | OK | |
r-release-windows-x86_64 | 0.1.0 | 12.00 | 88.00 | 100.00 | OK | |
r-oldrel-macos-arm64 | 0.1.0 | 5.00 | 31.00 | 36.00 | OK | |
r-oldrel-macos-x86_64 | 0.1.0 | 7.00 | 64.00 | 71.00 | OK | |
r-oldrel-windows-x86_64 | 0.1.0 | 19.00 | 109.00 | 128.00 | OK |
Version: 0.1.0
Check: dependencies in R code
Result: NOTE
Namespaces in Imports field not imported from:
‘R6’ ‘crosstalk’
All declared Imports should be used.
Flavors: r-devel-linux-x86_64-fedora-clang, r-devel-linux-x86_64-fedora-gcc
These binaries (installable software) and packages are in development.
They may not be fully stable and should be used with caution. We make no claims about them.