CRAN Package Check Results for Package tsibbletalk

Last updated on 2025-04-16 00:49:56 CEST.

Flavor Version Tinstall Tcheck Ttotal Status Flags
r-devel-linux-x86_64-debian-clang 0.1.0 10.37 65.39 75.76 OK
r-devel-linux-x86_64-debian-gcc 0.1.0 6.68 45.98 52.66 OK
r-devel-linux-x86_64-fedora-clang 0.1.0 116.00 NOTE
r-devel-linux-x86_64-fedora-gcc 0.1.0 114.02 NOTE
r-devel-windows-x86_64 0.1.0 11.00 80.00 91.00 OK
r-patched-linux-x86_64 0.1.0 9.50 62.10 71.60 OK
r-release-linux-x86_64 0.1.0 9.25 60.80 70.05 OK
r-release-macos-arm64 0.1.0 49.00 OK
r-release-macos-x86_64 0.1.0 62.00 OK
r-release-windows-x86_64 0.1.0 13.00 75.00 88.00 OK
r-oldrel-macos-arm64 0.1.0 36.00 OK
r-oldrel-macos-x86_64 0.1.0 71.00 OK
r-oldrel-windows-x86_64 0.1.0 16.00 97.00 113.00 OK

Check Details

Version: 0.1.0
Check: dependencies in R code
Result: NOTE Namespaces in Imports field not imported from: ‘R6’ ‘crosstalk’ All declared Imports should be used. Flavors: r-devel-linux-x86_64-fedora-clang, r-devel-linux-x86_64-fedora-gcc

These binaries (installable software) and packages are in development.
They may not be fully stable and should be used with caution. We make no claims about them.