Last updated on 2025-02-16 08:51:04 CET.
Flavor | Version | Tinstall | Tcheck | Ttotal | Status | Flags |
---|---|---|---|---|---|---|
r-devel-linux-x86_64-debian-clang | 0.3.5 | 5.82 | 204.44 | 210.26 | NOTE | |
r-devel-linux-x86_64-debian-gcc | 0.3.5 | 4.18 | 138.38 | 142.56 | NOTE | |
r-devel-linux-x86_64-fedora-clang | 0.3.5 | 344.76 | OK | |||
r-devel-linux-x86_64-fedora-gcc | 0.3.5 | 339.84 | OK | |||
r-devel-macos-arm64 | 0.3.5 | 84.00 | OK | |||
r-devel-macos-x86_64 | 0.3.5 | 166.00 | OK | |||
r-devel-windows-x86_64 | 0.3.5 | 8.00 | 134.00 | 142.00 | NOTE | --no-vignettes |
r-patched-linux-x86_64 | 0.3.5 | 11.23 | 188.58 | 199.81 | OK | |
r-release-linux-x86_64 | 0.3.5 | 5.69 | 188.96 | 194.65 | OK | |
r-release-macos-arm64 | 0.3.5 | 81.00 | OK | |||
r-release-macos-x86_64 | 0.3.5 | 133.00 | OK | |||
r-release-windows-x86_64 | 0.3.5 | 9.00 | 130.00 | 139.00 | OK | --no-vignettes |
r-oldrel-macos-arm64 | 0.3.5 | 82.00 | OK | |||
r-oldrel-macos-x86_64 | 0.3.5 | 141.00 | OK | |||
r-oldrel-windows-x86_64 | 0.3.5 | 10.00 | 146.00 | 156.00 | OK | --no-vignettes |
Version: 0.3.5
Check: Rd cross-references
Result: NOTE
Found the following Rd file(s) with Rd \link{} targets missing package
anchors:
density.Rd: networkDynamic
durations.Rd: net.obs.period, as.data.frame.networkDynamic,
get.vertex.activity
incidence.Rd: networkDynamic
plotpath.Rd: plot.network
tDegree.Rd: networkDynamic
tErgmStats.Rd: networkDynamic, network.collapse
tSnaStats.Rd: network.collapse
tiedDuration.Rd: networkDynamic
timeProjectedNetwork.Rd: networkDynamic, network.collapse,
get.networks, network
Please provide package anchors for all Rd \link{} targets not in the
package itself and the base packages.
Flavors: r-devel-linux-x86_64-debian-clang, r-devel-linux-x86_64-debian-gcc
Version: 0.3.5
Flags: --no-vignettes
Check: Rd cross-references
Result: NOTE
Found the following Rd file(s) with Rd \link{} targets missing package
anchors:
density.Rd: networkDynamic
durations.Rd: net.obs.period, as.data.frame.networkDynamic,
get.vertex.activity
incidence.Rd: networkDynamic
plotpath.Rd: plot.network
tDegree.Rd: networkDynamic
tErgmStats.Rd: networkDynamic, network.collapse
tSnaStats.Rd: network.collapse
tiedDuration.Rd: networkDynamic
timeProjectedNetwork.Rd: networkDynamic, network.collapse,
get.networks, network
Please provide package anchors for all Rd \link{} targets not in the
package itself and the base packages.
Flavor: r-devel-windows-x86_64
These binaries (installable software) and packages are in development.
They may not be fully stable and should be used with caution. We make no claims about them.