Last updated on 2025-05-21 23:48:59 CEST.
Flavor | Version | Tinstall | Tcheck | Ttotal | Status | Flags |
---|---|---|---|---|---|---|
r-devel-linux-x86_64-debian-clang | 0.1-3.1 | 1.65 | 16.64 | 18.29 | NOTE | |
r-devel-linux-x86_64-debian-gcc | 0.1-3.1 | 1.45 | 14.03 | 15.48 | NOTE | |
r-devel-linux-x86_64-fedora-clang | 0.1-3.1 | 29.05 | OK | |||
r-devel-linux-x86_64-fedora-gcc | 0.1-3.1 | 27.90 | OK | |||
r-devel-windows-x86_64 | 0.1-3.1 | 3.00 | 41.00 | 44.00 | OK | |
r-patched-linux-x86_64 | 0.1-3.1 | 1.53 | 16.34 | 17.87 | OK | |
r-release-linux-x86_64 | 0.1-3.1 | 1.50 | 16.35 | 17.85 | OK | |
r-release-macos-arm64 | 0.1-3.1 | 15.00 | OK | |||
r-release-macos-x86_64 | 0.1-3.1 | 22.00 | OK | |||
r-release-windows-x86_64 | 0.1-3.1 | 3.00 | 38.00 | 41.00 | OK | |
r-oldrel-macos-arm64 | 0.1-3.1 | 15.00 | OK | |||
r-oldrel-macos-x86_64 | 0.1-3.1 | 19.00 | OK | |||
r-oldrel-windows-x86_64 | 0.1-3.1 | 3.00 | 36.00 | 39.00 | OK |
Version: 0.1-3.1
Check: CRAN incoming feasibility
Result: NOTE
Maintainer: ‘Justin Donaldson <jdonaldson@gmail.com>’
No Authors@R field in DESCRIPTION.
Please add one, modifying
Authors@R: person(given = "Justin",
family = "Donaldson",
role = c("aut", "cre"),
email = "jdonaldson@gmail.com")
as necessary.
Flavors: r-devel-linux-x86_64-debian-clang, r-devel-linux-x86_64-debian-gcc
These binaries (installable software) and packages are in development.
They may not be fully stable and should be used with caution. We make no claims about them.