Last updated on 2025-05-01 14:49:25 CEST.
Flavor | Version | Tinstall | Tcheck | Ttotal | Status | Flags |
---|---|---|---|---|---|---|
r-devel-linux-x86_64-debian-clang | 0.6-10 | 8.91 | 80.33 | 89.24 | NOTE | |
r-devel-linux-x86_64-debian-gcc | 0.6-10 | 5.13 | 59.24 | 64.37 | NOTE | |
r-devel-linux-x86_64-fedora-clang | 0.6-10 | 123.94 | OK | |||
r-devel-linux-x86_64-fedora-gcc | 0.6-10 | 136.41 | OK | |||
r-devel-windows-x86_64 | 0.6-10 | 12.00 | 108.00 | 120.00 | OK | |
r-patched-linux-x86_64 | 0.6-10 | 8.76 | 74.30 | 83.06 | OK | |
r-release-linux-x86_64 | OK | |||||
r-release-macos-arm64 | 0.6-10 | 57.00 | OK | |||
r-release-macos-x86_64 | 0.6-10 | 89.00 | OK | |||
r-release-windows-x86_64 | 0.6-10 | 13.00 | 113.00 | 126.00 | OK | |
r-oldrel-macos-arm64 | 0.6-10 | 42.00 | OK | |||
r-oldrel-macos-x86_64 | 0.6-10 | 73.00 | OK | |||
r-oldrel-windows-x86_64 | 0.6-10 | 13.00 | 119.00 | 132.00 | OK |
Version: 0.6-10
Check: CRAN incoming feasibility
Result: NOTE
Maintainer: ‘Javier López-de-Lacalle <javlacalle@yahoo.es>’
No Authors@R field in DESCRIPTION.
Please add one, modifying
Authors@R: person(given = "Javier",
family = "López-de-Lacalle",
role = c("aut", "cre"),
email = "javlacalle@yahoo.es")
as necessary.
Flavors: r-devel-linux-x86_64-debian-clang, r-devel-linux-x86_64-debian-gcc
These binaries (installable software) and packages are in development.
They may not be fully stable and should be used with caution. We make no claims about them.