Last updated on 2024-07-27 15:50:36 CEST.
Flavor | Version | Tinstall | Tcheck | Ttotal | Status | Flags |
---|---|---|---|---|---|---|
r-devel-linux-x86_64-debian-clang | 0.6-10 | 9.95 | 94.67 | 104.62 | OK | |
r-devel-linux-x86_64-debian-gcc | 0.6-10 | OK | ||||
r-devel-linux-x86_64-fedora-clang | 0.6-10 | 132.43 | NOTE | |||
r-devel-linux-x86_64-fedora-gcc | 0.6-10 | 139.81 | OK | |||
r-devel-windows-x86_64 | 0.6-10 | 10.00 | 97.00 | 107.00 | OK | |
r-patched-linux-x86_64 | 0.6-10 | OK | ||||
r-release-linux-x86_64 | 0.6-10 | 6.15 | 90.37 | 96.52 | OK | |
r-release-macos-arm64 | 0.6-10 | 42.00 | OK | |||
r-release-macos-x86_64 | 0.6-10 | 73.00 | OK | |||
r-release-windows-x86_64 | 0.6-10 | 9.00 | 96.00 | 105.00 | OK | |
r-oldrel-macos-arm64 | 0.6-10 | 51.00 | OK | |||
r-oldrel-macos-x86_64 | 0.6-10 | 87.00 | OK | |||
r-oldrel-windows-x86_64 | 0.6-10 | 14.00 | 107.00 | 121.00 | OK |
Version: 0.6-10
Check: Rd cross-references
Result: NOTE
Undeclared package ‘tseries’ in Rd xrefs
Flavor: r-devel-linux-x86_64-fedora-clang
These binaries (installable software) and packages are in development.
They may not be fully stable and should be used with caution. We make no claims about them.