Last updated on 2025-02-16 08:51:04 CET.
Flavor | Version | Tinstall | Tcheck | Ttotal | Status | Flags |
---|---|---|---|---|---|---|
r-devel-linux-x86_64-debian-clang | 1.2 | 14.94 | 119.34 | 134.28 | OK | |
r-devel-linux-x86_64-debian-gcc | 1.2 | 11.70 | 85.57 | 97.27 | OK | |
r-devel-linux-x86_64-fedora-clang | 1.2 | 227.86 | NOTE | |||
r-devel-linux-x86_64-fedora-gcc | 1.2 | 199.99 | NOTE | |||
r-devel-macos-arm64 | 1.2 | 56.00 | OK | |||
r-devel-macos-x86_64 | 1.2 | 142.00 | OK | |||
r-devel-windows-x86_64 | 1.2 | 19.00 | 121.00 | 140.00 | OK | |
r-patched-linux-x86_64 | 1.2 | 13.56 | 108.30 | 121.86 | NOTE | |
r-release-linux-x86_64 | 1.2 | 13.96 | 107.39 | 121.35 | NOTE | |
r-release-macos-arm64 | 1.2 | 54.00 | NOTE | |||
r-release-macos-x86_64 | 1.2 | 92.00 | NOTE | |||
r-release-windows-x86_64 | 1.2 | 19.00 | 117.00 | 136.00 | NOTE | |
r-oldrel-macos-arm64 | 1.2 | 59.00 | NOTE | |||
r-oldrel-macos-x86_64 | 1.2 | 100.00 | NOTE | |||
r-oldrel-windows-x86_64 | 1.2 | 22.00 | 144.00 | 166.00 | NOTE |
Version: 1.2
Check: compiled code
Result: NOTE
File ‘tspmeta/libs/tspmeta.so’:
Found no calls to: ‘R_registerRoutines’, ‘R_useDynamicSymbols’
It is good practice to register native routines and to disable symbol
search.
See ‘Writing portable packages’ in the ‘Writing R Extensions’ manual.
Flavors: r-devel-linux-x86_64-fedora-clang, r-devel-linux-x86_64-fedora-gcc
Version: 1.2
Check: LazyData
Result: NOTE
'LazyData' is specified without a 'data' directory
Flavors: r-patched-linux-x86_64, r-release-linux-x86_64, r-release-macos-arm64, r-release-macos-x86_64, r-release-windows-x86_64, r-oldrel-macos-arm64, r-oldrel-macos-x86_64, r-oldrel-windows-x86_64
These binaries (installable software) and packages are in development.
They may not be fully stable and should be used with caution. We make no claims about them.