CRAN Package Check Results for Package tsqn

Last updated on 2025-05-01 15:49:48 CEST.

Flavor Version Tinstall Tcheck Ttotal Status Flags
r-devel-linux-x86_64-debian-clang 1.0.0 1.78 25.60 27.38 NOTE
r-devel-linux-x86_64-debian-gcc 1.0.0 1.96 21.32 23.28 NOTE
r-devel-linux-x86_64-fedora-clang 1.0.0 42.46 OK
r-devel-linux-x86_64-fedora-gcc 1.0.0 41.96 OK
r-devel-windows-x86_64 1.0.0 4.00 52.00 56.00 OK
r-patched-linux-x86_64 1.0.0 2.63 24.37 27.00 OK
r-release-linux-x86_64 OK
r-release-macos-arm64 1.0.0 20.00 OK
r-release-macos-x86_64 1.0.0 30.00 OK
r-release-windows-x86_64 1.0.0 4.00 58.00 62.00 OK
r-oldrel-macos-arm64 1.0.0 19.00 OK
r-oldrel-macos-x86_64 1.0.0 26.00 OK
r-oldrel-windows-x86_64 1.0.0 4.00 51.00 55.00 OK

Check Details

Version: 1.0.0
Check: CRAN incoming feasibility
Result: NOTE Maintainer: ‘Higor Cotta <cotta.higor@gmail.com>’ No Authors@R field in DESCRIPTION. Please add one, modifying Authors@R: c(person(given = "Higor", family = "Cotta", role = c("aut", "cre"), email = "cotta.higor@gmail.com"), person(given = "Valderio", family = "Reisen", role = "aut"), person(given = "Pascal", family = "Bondon", role = "aut"), person(given = "Céline", family = "Lévy-Leduc", role = "aut")) as necessary. Flavors: r-devel-linux-x86_64-debian-clang, r-devel-linux-x86_64-debian-gcc

These binaries (installable software) and packages are in development.
They may not be fully stable and should be used with caution. We make no claims about them.