CRAN Package Check Results for Package tsriadditive

Last updated on 2025-07-26 07:50:37 CEST.

Flavor Version Tinstall Tcheck Ttotal Status Flags
r-devel-linux-x86_64-debian-clang 1.0.0 6.48 53.32 59.80 OK
r-devel-linux-x86_64-debian-gcc 1.0.0 5.20 41.39 46.59 OK
r-devel-linux-x86_64-fedora-clang 1.0.0 101.64 OK
r-devel-linux-x86_64-fedora-gcc 1.0.0 90.28 OK
r-devel-windows-x86_64 1.0.0 7.00 83.00 90.00 OK
r-patched-linux-x86_64 1.0.0 6.88 50.82 57.70 OK
r-release-linux-x86_64 1.0.0 6.27 51.44 57.71 OK
r-release-macos-arm64 1.0.0 36.00 OK
r-release-macos-x86_64 1.0.0 62.00 OK
r-release-windows-x86_64 1.0.0 8.00 79.00 87.00 OK
r-oldrel-macos-arm64 1.0.0 33.00 NOTE
r-oldrel-macos-x86_64 1.0.0 48.00 NOTE
r-oldrel-windows-x86_64 1.0.0 10.00 76.00 86.00 NOTE

Check Details

Version: 1.0.0
Check: LazyData
Result: NOTE 'LazyData' is specified without a 'data' directory Flavors: r-oldrel-macos-arm64, r-oldrel-macos-x86_64, r-oldrel-windows-x86_64

These binaries (installable software) and packages are in development.
They may not be fully stable and should be used with caution. We make no claims about them.