Last updated on 2025-05-01 08:52:49 CEST.
Flavor | Version | Tinstall | Tcheck | Ttotal | Status | Flags |
---|---|---|---|---|---|---|
r-devel-linux-x86_64-debian-clang | 0.3.2 | 3.73 | 28.71 | 32.44 | NOTE | |
r-devel-linux-x86_64-debian-gcc | 0.3.2 | 2.54 | 22.47 | 25.01 | NOTE | |
r-devel-linux-x86_64-fedora-clang | 0.3.2 | 49.71 | OK | |||
r-devel-linux-x86_64-fedora-gcc | 0.3.2 | 49.03 | OK | |||
r-devel-windows-x86_64 | 0.3.2 | 5.00 | 52.00 | 57.00 | OK | |
r-patched-linux-x86_64 | 0.3.2 | 3.12 | 27.14 | 30.26 | OK | |
r-release-linux-x86_64 | OK | |||||
r-release-macos-arm64 | 0.3.2 | 24.00 | OK | |||
r-release-macos-x86_64 | 0.3.2 | 33.00 | OK | |||
r-release-windows-x86_64 | 0.3.2 | 6.00 | 58.00 | 64.00 | OK | |
r-oldrel-macos-arm64 | 0.3.2 | 19.00 | OK | |||
r-oldrel-macos-x86_64 | 0.3.2 | 29.00 | OK | |||
r-oldrel-windows-x86_64 | 0.3.2 | 6.00 | 52.00 | 58.00 | OK |
Version: 0.3.2
Check: CRAN incoming feasibility
Result: NOTE
Maintainer: ‘Michał Narajewski <michal.narajewski@uni-due.de>’
Package CITATION file contains call(s) to old-style personList() or
as.personList(). Please use c() on person objects instead.
Package CITATION file contains call(s) to old-style citEntry(). Please
use bibentry() instead.
Flavors: r-devel-linux-x86_64-debian-clang, r-devel-linux-x86_64-debian-gcc
These binaries (installable software) and packages are in development.
They may not be fully stable and should be used with caution. We make no claims about them.