Last updated on 2025-07-24 01:50:39 CEST.
Flavor | Version | Tinstall | Tcheck | Ttotal | Status | Flags |
---|---|---|---|---|---|---|
r-devel-linux-x86_64-debian-clang | 0.3.2 | 3.02 | 28.77 | 31.79 | NOTE | |
r-devel-linux-x86_64-debian-gcc | 0.3.2 | 2.48 | 22.35 | 24.83 | NOTE | |
r-devel-linux-x86_64-fedora-clang | 0.3.2 | 52.97 | OK | |||
r-devel-linux-x86_64-fedora-gcc | 0.3.2 | 48.35 | OK | |||
r-devel-windows-x86_64 | 0.3.2 | 5.00 | 48.00 | 53.00 | OK | |
r-patched-linux-x86_64 | 0.3.2 | 3.86 | 27.68 | 31.54 | OK | |
r-release-linux-x86_64 | 0.3.2 | 3.28 | 27.23 | 30.51 | OK | |
r-release-macos-arm64 | 0.3.2 | 24.00 | OK | |||
r-release-macos-x86_64 | 0.3.2 | 33.00 | OK | |||
r-release-windows-x86_64 | 0.3.2 | 6.00 | 52.00 | 58.00 | OK | |
r-oldrel-macos-arm64 | 0.3.2 | 19.00 | OK | |||
r-oldrel-macos-x86_64 | 0.3.2 | 29.00 | OK | |||
r-oldrel-windows-x86_64 | 0.3.2 | 6.00 | 58.00 | 64.00 | OK |
Version: 0.3.2
Check: CRAN incoming feasibility
Result: NOTE
Maintainer: ‘Michał Narajewski <michal.narajewski@uni-due.de>’
Package CITATION file contains call(s) to old-style personList() or
as.personList(). Please use c() on person objects instead.
Package CITATION file contains call(s) to old-style citEntry(). Please
use bibentry() instead.
Flavors: r-devel-linux-x86_64-debian-clang, r-devel-linux-x86_64-debian-gcc
These binaries (installable software) and packages are in development.
They may not be fully stable and should be used with caution. We make no claims about them.