Last updated on 2025-11-13 17:50:52 CET.
| Flavor | Version | Tinstall | Tcheck | Ttotal | Status | Flags |
|---|---|---|---|---|---|---|
| r-devel-linux-x86_64-debian-clang | 0.3.2 | 3.52 | 30.27 | 33.79 | NOTE | |
| r-devel-linux-x86_64-debian-gcc | 0.3.2 | 2.27 | 23.73 | 26.00 | NOTE | |
| r-devel-linux-x86_64-fedora-clang | 0.3.2 | 16.00 | 36.57 | 52.57 | OK | |
| r-devel-linux-x86_64-fedora-gcc | 0.3.2 | 11.00 | 39.43 | 50.43 | OK | |
| r-devel-windows-x86_64 | 0.3.2 | 6.00 | 46.00 | 52.00 | OK | |
| r-patched-linux-x86_64 | 0.3.2 | 3.84 | 28.72 | 32.56 | OK | |
| r-release-linux-x86_64 | 0.3.2 | 3.57 | 28.74 | 32.31 | OK | |
| r-release-macos-arm64 | 0.3.2 | 3.00 | 21.00 | 24.00 | OK | |
| r-release-macos-x86_64 | 0.3.2 | 3.00 | 30.00 | 33.00 | OK | |
| r-release-windows-x86_64 | 0.3.2 | 5.00 | 47.00 | 52.00 | OK | |
| r-oldrel-macos-arm64 | 0.3.2 | 2.00 | 17.00 | 19.00 | OK | |
| r-oldrel-macos-x86_64 | 0.3.2 | 3.00 | 26.00 | 29.00 | OK | |
| r-oldrel-windows-x86_64 | 0.3.2 | 6.00 | 55.00 | 61.00 | OK |
Version: 0.3.2
Check: CRAN incoming feasibility
Result: NOTE
Maintainer: ‘Michał Narajewski <michal.narajewski@uni-due.de>’
Package CITATION file contains call(s) to old-style personList() or
as.personList(). Please use c() on person objects instead.
Package CITATION file contains call(s) to old-style citEntry(). Please
use bibentry() instead.
Flavors: r-devel-linux-x86_64-debian-clang, r-devel-linux-x86_64-debian-gcc
These binaries (installable software) and packages are in development.
They may not be fully stable and should be used with caution. We make no claims about them.