Last updated on 2025-11-12 12:53:26 CET.
| Flavor | Version | Tinstall | Tcheck | Ttotal | Status | Flags |
|---|---|---|---|---|---|---|
| r-devel-linux-x86_64-debian-clang | 1.0.1 | 13.80 | 138.98 | 152.78 | NOTE | |
| r-devel-linux-x86_64-debian-gcc | 1.0.1 | 9.43 | 97.48 | 106.91 | NOTE | |
| r-devel-linux-x86_64-fedora-clang | 1.0.1 | 87.00 | 162.20 | 249.20 | NOTE | |
| r-devel-linux-x86_64-fedora-gcc | 1.0.1 | 57.00 | 198.27 | 255.27 | NOTE | |
| r-devel-windows-x86_64 | 1.0.1 | 15.00 | 144.00 | 159.00 | NOTE | |
| r-patched-linux-x86_64 | 1.0.1 | 12.44 | 130.88 | 143.32 | NOTE | |
| r-release-linux-x86_64 | 1.0.1 | 10.91 | 131.64 | 142.55 | NOTE | |
| r-release-macos-arm64 | 1.0.1 | 6.00 | 73.00 | 79.00 | NOTE | |
| r-release-macos-x86_64 | 1.0.1 | 11.00 | 122.00 | 133.00 | NOTE | |
| r-release-windows-x86_64 | 1.0.1 | 14.00 | 150.00 | 164.00 | NOTE | |
| r-oldrel-macos-arm64 | 1.0.1 | 6.00 | 59.00 | 65.00 | OK | |
| r-oldrel-macos-x86_64 | 1.0.1 | 11.00 | 80.00 | 91.00 | OK | |
| r-oldrel-windows-x86_64 | 1.0.1 | 19.00 | 182.00 | 201.00 | OK |
Version: 1.0.1
Check: DESCRIPTION meta-information
Result: NOTE
Missing dependency on R >= 4.1.0 because package code uses the pipe
|> or function shorthand \(...) syntax added in R 4.1.0.
File(s) using such syntax:
‘berkowitz.R’ ‘dac.R’ ‘gmm.R’ ‘hongli.R’ ‘minzar.R’ ‘nyblom.R’
‘shortfall_de.R’ ‘signbias.R’ ‘var.R’ ‘var_cp.R’
Flavors: r-devel-linux-x86_64-debian-clang, r-devel-linux-x86_64-debian-gcc, r-devel-linux-x86_64-fedora-clang, r-devel-linux-x86_64-fedora-gcc, r-devel-windows-x86_64, r-patched-linux-x86_64, r-release-linux-x86_64, r-release-macos-arm64, r-release-macos-x86_64, r-release-windows-x86_64
These binaries (installable software) and packages are in development.
They may not be fully stable and should be used with caution. We make no claims about them.