Last updated on 2025-10-23 11:50:33 CEST.
Flavor | Version | Tinstall | Tcheck | Ttotal | Status | Flags |
---|---|---|---|---|---|---|
r-devel-linux-x86_64-debian-clang | 1.0.1 | 13.92 | 144.22 | 158.14 | NOTE | |
r-devel-linux-x86_64-debian-gcc | 1.0.1 | 8.12 | 98.40 | 106.52 | NOTE | |
r-devel-linux-x86_64-fedora-clang | 1.0.1 | 62.00 | 189.12 | 251.12 | NOTE | |
r-devel-linux-x86_64-fedora-gcc | 1.0.1 | 54.00 | 199.44 | 253.44 | NOTE | |
r-devel-windows-x86_64 | 1.0.1 | 16.00 | 144.00 | 160.00 | NOTE | |
r-patched-linux-x86_64 | 1.0.1 | 12.61 | 134.41 | 147.02 | NOTE | |
r-release-linux-x86_64 | 1.0.1 | 11.08 | 133.39 | 144.47 | NOTE | |
r-release-macos-arm64 | 1.0.1 | 6.00 | 73.00 | 79.00 | NOTE | |
r-release-macos-x86_64 | 1.0.1 | 11.00 | 122.00 | 133.00 | NOTE | |
r-release-windows-x86_64 | 1.0.1 | 15.00 | 146.00 | 161.00 | NOTE | |
r-oldrel-macos-arm64 | 1.0.1 | 6.00 | 59.00 | 65.00 | OK | |
r-oldrel-macos-x86_64 | 1.0.1 | 11.00 | 80.00 | 91.00 | OK | |
r-oldrel-windows-x86_64 | 1.0.1 | 19.00 | 185.00 | 204.00 | OK |
Version: 1.0.1
Check: DESCRIPTION meta-information
Result: NOTE
Missing dependency on R >= 4.1.0 because package code uses the pipe
|> or function shorthand \(...) syntax added in R 4.1.0.
File(s) using such syntax:
‘berkowitz.R’ ‘dac.R’ ‘gmm.R’ ‘hongli.R’ ‘minzar.R’ ‘nyblom.R’
‘shortfall_de.R’ ‘signbias.R’ ‘var.R’ ‘var_cp.R’
Flavors: r-devel-linux-x86_64-debian-clang, r-devel-linux-x86_64-debian-gcc, r-devel-linux-x86_64-fedora-clang, r-devel-linux-x86_64-fedora-gcc, r-devel-windows-x86_64, r-patched-linux-x86_64, r-release-linux-x86_64, r-release-macos-arm64, r-release-macos-x86_64, r-release-windows-x86_64
Version: 1.0.1
Check: HTML version of manual
Result: NOTE
Found the following HTML validation problems:
spy.html:48:1 (spy.Rd:12): Warning: missing </ul> before </div>
Flavor: r-devel-linux-x86_64-debian-clang
These binaries (installable software) and packages are in development.
They may not be fully stable and should be used with caution. We make no claims about them.