Last updated on 2025-02-16 08:51:04 CET.
Flavor | Version | Tinstall | Tcheck | Ttotal | Status | Flags |
---|---|---|---|---|---|---|
r-devel-linux-x86_64-debian-clang | 1.6 | 23.99 | 210.31 | 234.30 | NOTE | |
r-devel-linux-x86_64-debian-gcc | 1.6 | 19.50 | 150.84 | 170.34 | NOTE | |
r-devel-linux-x86_64-fedora-clang | 1.6 | 366.02 | OK | |||
r-devel-linux-x86_64-fedora-gcc | 1.6 | 360.47 | OK | |||
r-devel-macos-arm64 | 1.6 | 88.00 | OK | |||
r-devel-macos-x86_64 | 1.6 | 194.00 | OK | |||
r-devel-windows-x86_64 | 1.6 | 25.00 | 183.00 | 208.00 | NOTE | |
r-patched-linux-x86_64 | 1.6 | 31.27 | 188.59 | 219.86 | OK | |
r-release-linux-x86_64 | 1.6 | 23.95 | 185.05 | 209.00 | OK | |
r-release-macos-arm64 | 1.6 | 86.00 | OK | |||
r-release-macos-x86_64 | 1.6 | 139.00 | OK | |||
r-release-windows-x86_64 | 1.6 | 26.00 | 182.00 | 208.00 | OK | |
r-oldrel-macos-arm64 | 1.6 | 91.00 | OK | |||
r-oldrel-macos-x86_64 | 1.6 | 303.00 | OK | |||
r-oldrel-windows-x86_64 | 1.6 | 29.00 | 234.00 | 263.00 | OK |
Version: 1.6
Check: Rd cross-references
Result: NOTE
Found the following Rd file(s) with Rd \link{} targets missing package
anchors:
ttScreening-package.Rd: sva
Please provide package anchors for all Rd \link{} targets not in the
package itself and the base packages.
Flavors: r-devel-linux-x86_64-debian-clang, r-devel-linux-x86_64-debian-gcc, r-devel-windows-x86_64
These binaries (installable software) and packages are in development.
They may not be fully stable and should be used with caution. We make no claims about them.