Last updated on 2025-02-23 11:51:23 CET.
Flavor | Version | Tinstall | Tcheck | Ttotal | Status | Flags |
---|---|---|---|---|---|---|
r-devel-linux-x86_64-debian-clang | 0.3-1 | 54.12 | 80.75 | 134.87 | NOTE | |
r-devel-linux-x86_64-debian-gcc | 0.3-1 | 39.77 | 61.92 | 101.69 | NOTE | |
r-devel-linux-x86_64-fedora-clang | 0.3-1 | 266.14 | OK | |||
r-devel-linux-x86_64-fedora-gcc | 0.3-1 | 234.74 | OK | |||
r-devel-macos-arm64 | 0.3-1 | 71.00 | OK | |||
r-devel-macos-x86_64 | 0.3-1 | 117.00 | OK | |||
r-devel-windows-x86_64 | 0.3-1 | 61.00 | 111.00 | 172.00 | NOTE | |
r-patched-linux-x86_64 | 0.3-1 | 59.28 | 77.04 | 136.32 | OK | |
r-release-linux-x86_64 | 0.3-1 | 55.13 | 77.66 | 132.79 | OK | |
r-release-macos-arm64 | 0.3-1 | 79.00 | OK | |||
r-release-macos-x86_64 | 0.3-1 | 85.00 | OK | |||
r-release-windows-x86_64 | 0.3-1 | 61.00 | 119.00 | 180.00 | OK | |
r-oldrel-macos-arm64 | 0.3-1 | 79.00 | OK | |||
r-oldrel-macos-x86_64 | 0.3-1 | 122.00 | OK | |||
r-oldrel-windows-x86_64 | 0.3-1 | 78.00 | 141.00 | 219.00 | OK |
Version: 0.3-1
Check: Rd cross-references
Result: NOTE
Found the following Rd file(s) with Rd \link{} targets missing package
anchors:
plotmatch.Rd: ppp
sumppdist.Rd: ppp, solist
Please provide package anchors for all Rd \link{} targets not in the
package itself and the base packages.
Flavors: r-devel-linux-x86_64-debian-clang, r-devel-linux-x86_64-debian-gcc, r-devel-windows-x86_64
These binaries (installable software) and packages are in development.
They may not be fully stable and should be used with caution. We make no claims about them.