Last updated on 2024-07-27 15:50:36 CEST.
Flavor | Version | Tinstall | Tcheck | Ttotal | Status | Flags |
---|---|---|---|---|---|---|
r-devel-linux-x86_64-debian-clang | 0.3-1 | 70.92 | 101.09 | 172.01 | OK | |
r-devel-linux-x86_64-debian-gcc | 0.3-1 | NOTE | ||||
r-devel-linux-x86_64-fedora-clang | 0.3-1 | 278.21 | OK | |||
r-devel-linux-x86_64-fedora-gcc | 0.3-1 | 253.74 | OK | |||
r-devel-windows-x86_64 | 0.3-1 | 65.00 | 120.00 | 185.00 | NOTE | |
r-patched-linux-x86_64 | 0.3-1 | OK | ||||
r-release-linux-x86_64 | 0.3-1 | 48.48 | 100.07 | 148.55 | OK | |
r-release-macos-arm64 | 0.3-1 | 79.00 | OK | |||
r-release-macos-x86_64 | 0.3-1 | 85.00 | OK | |||
r-release-windows-x86_64 | 0.3-1 | 83.00 | 115.00 | 198.00 | OK | |
r-oldrel-macos-arm64 | 0.3-1 | 79.00 | OK | |||
r-oldrel-macos-x86_64 | 0.3-1 | 122.00 | OK | |||
r-oldrel-windows-x86_64 | 0.3-1 | 77.00 | 139.00 | 216.00 | OK |
Version: 0.3-1
Check: Rd cross-references
Result: NOTE
Found the following Rd file(s) with Rd \link{} targets missing package
anchors:
plotmatch.Rd: ppp
sumppdist.Rd: ppp, solist
Please provide package anchors for all Rd \link{} targets not in the
package itself and the base packages.
Flavors: r-devel-linux-x86_64-debian-gcc, r-devel-windows-x86_64
These binaries (installable software) and packages are in development.
They may not be fully stable and should be used with caution. We make no claims about them.