Last updated on 2024-06-22 19:58:18 CEST.
Flavor | Version | Tinstall | Tcheck | Ttotal | Status | Flags |
---|---|---|---|---|---|---|
r-devel-linux-x86_64-debian-clang | 0.4.1 | 10.66 | 91.96 | 102.62 | OK | |
r-devel-linux-x86_64-debian-gcc | 0.4.1 | 9.03 | 70.52 | 79.55 | OK | |
r-devel-linux-x86_64-fedora-clang | 0.4.1 | 70.66 | NOTE | |||
r-devel-linux-x86_64-fedora-gcc | 0.4.1 | 121.82 | OK | |||
r-devel-windows-x86_64 | 0.4.1 | 10.00 | 87.00 | 97.00 | OK | |
r-patched-linux-x86_64 | 0.4.1 | 9.56 | 88.99 | 98.55 | OK | |
r-release-linux-x86_64 | 0.4.1 | 6.70 | 87.05 | 93.75 | OK | |
r-release-macos-arm64 | 0.4.1 | 39.00 | OK | |||
r-release-macos-x86_64 | 0.4.1 | 100.00 | OK | |||
r-release-windows-x86_64 | 0.4.1 | 9.00 | 90.00 | 99.00 | OK | |
r-oldrel-macos-arm64 | 0.4.1 | 44.00 | OK | |||
r-oldrel-macos-x86_64 | 0.4.1 | 88.00 | OK | |||
r-oldrel-windows-x86_64 | 0.4.1 | 13.00 | 107.00 | 120.00 | OK |
Version: 0.4.1
Check: Rd cross-references
Result: NOTE
Undeclared packages ‘ggplot2’, ‘crosstalk’ in Rd xrefs
Flavor: r-devel-linux-x86_64-fedora-clang
These binaries (installable software) and packages are in development.
They may not be fully stable and should be used with caution. We make no claims about them.