CRAN Package Check Results for Package ttutils

Last updated on 2025-11-13 03:51:21 CET.

Flavor Version Tinstall Tcheck Ttotal Status Flags
r-devel-linux-x86_64-debian-clang 1.0-1.1 1.71 20.41 22.12 NOTE
r-devel-linux-x86_64-debian-gcc 1.0-1.1 1.27 16.96 18.23 NOTE
r-devel-linux-x86_64-fedora-clang 1.0-1.1 32.03 OK
r-devel-linux-x86_64-fedora-gcc 1.0-1.1 30.67 OK
r-devel-windows-x86_64 1.0-1.1 4.00 40.00 44.00 OK
r-patched-linux-x86_64 1.0-1.1 1.78 19.40 21.18 OK
r-release-linux-x86_64 1.0-1.1 1.71 19.39 21.10 OK
r-release-macos-arm64 1.0-1.1 1.00 15.00 16.00 OK
r-release-macos-x86_64 1.0-1.1 2.00 23.00 25.00 OK
r-release-windows-x86_64 1.0-1.1 4.00 40.00 44.00 OK
r-oldrel-macos-arm64 1.0-1.1 1.00 13.00 14.00 OK
r-oldrel-macos-x86_64 1.0-1.1 1.00 21.00 22.00 OK
r-oldrel-windows-x86_64 1.0-1.1 2.00 41.00 43.00 OK

Check Details

Version: 1.0-1.1
Check: CRAN incoming feasibility
Result: NOTE Maintainer: ‘Thorn Thaler <thorn.thaler@thothal.com>’ No Authors@R field in DESCRIPTION. Please add one, modifying Authors@R: person(given = "Thorn", family = "Thaler", role = c("aut", "cre"), email = "thorn.thaler@thothal.com") as necessary. Flavors: r-devel-linux-x86_64-debian-clang, r-devel-linux-x86_64-debian-gcc

These binaries (installable software) and packages are in development.
They may not be fully stable and should be used with caution. We make no claims about them.