CRAN Package Check Results for Package tumgr

Last updated on 2025-07-01 15:50:04 CEST.

Flavor Version Tinstall Tcheck Ttotal Status Flags
r-devel-linux-x86_64-debian-clang 0.0.4 2.39 26.45 28.84 NOTE
r-devel-linux-x86_64-debian-gcc 0.0.4 1.96 20.87 22.83 NOTE
r-devel-linux-x86_64-fedora-clang 0.0.4 44.82 OK
r-devel-linux-x86_64-fedora-gcc 0.0.4 45.45 OK
r-devel-windows-x86_64 0.0.4 3.00 51.00 54.00 OK
r-patched-linux-x86_64 OK
r-release-linux-x86_64 0.0.4 2.14 25.02 27.16 OK
r-release-macos-arm64 0.0.4 20.00 OK
r-release-macos-x86_64 0.0.4 40.00 OK
r-release-windows-x86_64 0.0.4 3.00 52.00 55.00 OK
r-oldrel-macos-arm64 0.0.4 17.00 OK
r-oldrel-macos-x86_64 0.0.4 25.00 OK
r-oldrel-windows-x86_64 0.0.4 3.00 56.00 59.00 OK

Check Details

Version: 0.0.4
Check: CRAN incoming feasibility
Result: NOTE Maintainer: ‘Julia Wilkerson <jmwilkers@outlook.com>’ No Authors@R field in DESCRIPTION. Please add one, modifying Authors@R: person(given = "Julia", family = "Wilkerson", role = c("aut", "cre"), email = "jmwilkers@outlook.com") as necessary. Flavors: r-devel-linux-x86_64-debian-clang, r-devel-linux-x86_64-debian-gcc

These binaries (installable software) and packages are in development.
They may not be fully stable and should be used with caution. We make no claims about them.