CRAN Package Check Results for Package turkeyelections

Last updated on 2025-02-23 07:52:13 CET.

Flavor Version Tinstall Tcheck Ttotal Status Flags
r-devel-linux-x86_64-debian-clang 0.1.2 5.48 47.37 52.85 NOTE
r-devel-linux-x86_64-debian-gcc 0.1.2 3.35 34.10 37.45 NOTE
r-devel-linux-x86_64-fedora-clang 0.1.2 91.64 NOTE
r-devel-linux-x86_64-fedora-gcc 0.1.2 76.80 NOTE
r-devel-macos-arm64 0.1.2 27.00 OK
r-devel-macos-x86_64 0.1.2 56.00 NOTE
r-devel-windows-x86_64 0.1.2 8.00 69.00 77.00 NOTE
r-patched-linux-x86_64 0.1.2 5.77 42.08 47.85 OK
r-release-linux-x86_64 0.1.2 5.12 42.46 47.58 OK
r-release-macos-arm64 0.1.2 28.00 OK
r-release-macos-x86_64 0.1.2 39.00 OK
r-release-windows-x86_64 0.1.2 8.00 69.00 77.00 OK
r-oldrel-macos-arm64 0.1.2 35.00 OK
r-oldrel-macos-x86_64 0.1.2 63.00 OK
r-oldrel-windows-x86_64 0.1.2 9.00 81.00 90.00 OK

Check Details

Version: 0.1.2
Check: DESCRIPTION meta-information
Result: NOTE Missing dependency on R >= 4.1.0 because package code uses the pipe |> or function shorthand \(...) syntax added in R 4.1.0. File(s) using such syntax: ‘show_parliament.R’ ‘show_province_and_party.R’ Flavors: r-devel-linux-x86_64-debian-clang, r-devel-linux-x86_64-debian-gcc, r-devel-linux-x86_64-fedora-clang, r-devel-linux-x86_64-fedora-gcc, r-devel-macos-x86_64, r-devel-windows-x86_64

These binaries (installable software) and packages are in development.
They may not be fully stable and should be used with caution. We make no claims about them.