CRAN Package Check Results for Package turkeyelections

Last updated on 2025-07-02 03:50:55 CEST.

Flavor Version Tinstall Tcheck Ttotal Status Flags
r-devel-linux-x86_64-debian-clang 0.1.2 6.68 51.71 58.39 NOTE
r-devel-linux-x86_64-debian-gcc 0.1.2 3.85 39.36 43.21 NOTE
r-devel-linux-x86_64-fedora-clang 0.1.2 91.75 NOTE
r-devel-linux-x86_64-fedora-gcc 0.1.2 87.34 NOTE
r-devel-windows-x86_64 0.1.2 9.00 71.00 80.00 NOTE
r-patched-linux-x86_64 NOTE
r-release-linux-x86_64 0.1.2 5.85 47.69 53.54 NOTE
r-release-macos-arm64 0.1.2 28.00 NOTE
r-release-macos-x86_64 0.1.2 47.00 NOTE
r-release-windows-x86_64 0.1.2 9.00 76.00 85.00 NOTE
r-oldrel-macos-arm64 0.1.2 28.00 OK
r-oldrel-macos-x86_64 0.1.2 39.00 OK
r-oldrel-windows-x86_64 0.1.2 10.00 88.00 98.00 OK

Check Details

Version: 0.1.2
Check: DESCRIPTION meta-information
Result: NOTE Missing dependency on R >= 4.1.0 because package code uses the pipe |> or function shorthand \(...) syntax added in R 4.1.0. File(s) using such syntax: ‘show_parliament.R’ ‘show_province_and_party.R’ Flavors: r-devel-linux-x86_64-debian-clang, r-devel-linux-x86_64-debian-gcc, r-devel-linux-x86_64-fedora-clang, r-devel-linux-x86_64-fedora-gcc, r-devel-windows-x86_64, r-patched-linux-x86_64, r-release-linux-x86_64, r-release-macos-arm64, r-release-macos-x86_64, r-release-windows-x86_64

These binaries (installable software) and packages are in development.
They may not be fully stable and should be used with caution. We make no claims about them.