Last updated on 2025-05-01 12:49:44 CEST.
Flavor | Version | Tinstall | Tcheck | Ttotal | Status | Flags |
---|---|---|---|---|---|---|
r-devel-linux-x86_64-debian-clang | 0.4.2 | 5.72 | 99.58 | 105.30 | NOTE | |
r-devel-linux-x86_64-debian-gcc | 0.4.2 | 4.71 | 79.17 | 83.88 | OK | |
r-devel-linux-x86_64-fedora-clang | 0.4.2 | 166.50 | OK | |||
r-devel-linux-x86_64-fedora-gcc | 0.4.2 | 173.69 | OK | |||
r-devel-windows-x86_64 | 0.4.2 | 8.00 | 132.00 | 140.00 | OK | |
r-patched-linux-x86_64 | 0.4.2 | 5.69 | 94.33 | 100.02 | OK | |
r-release-linux-x86_64 | OK | |||||
r-release-macos-arm64 | 0.4.2 | 54.00 | OK | |||
r-release-macos-x86_64 | 0.4.2 | 98.00 | OK | |||
r-release-windows-x86_64 | 0.4.2 | 10.00 | 138.00 | 148.00 | OK | |
r-oldrel-macos-arm64 | 0.4.2 | 53.00 | OK | |||
r-oldrel-macos-x86_64 | 0.4.2 | 96.00 | OK | |||
r-oldrel-windows-x86_64 | 0.4.2 | 10.00 | 149.00 | 159.00 | OK |
Version: 0.4.2
Check: examples
Result: NOTE
Examples with CPU (user + system) or elapsed time > 5s
user system elapsed
knit_tutorials 4.383 0.339 6.587
Flavor: r-devel-linux-x86_64-debian-clang
Version: 0.4.2
Check: examples
Result: NA
user system elapsed
knit_tutorials 3.564 0.446 5.569
OK
Flavor: r-devel-linux-x86_64-debian-gcc
These binaries (installable software) and packages are in development.
They may not be fully stable and should be used with caution. We make no claims about them.