CRAN Package Check Results for Package tvgeom

Last updated on 2025-05-01 15:49:48 CEST.

Flavor Version Tinstall Tcheck Ttotal Status Flags
r-devel-linux-x86_64-debian-clang 1.0.1 1.68 36.39 38.07 NOTE
r-devel-linux-x86_64-debian-gcc 1.0.1 1.36 28.37 29.73 NOTE
r-devel-linux-x86_64-fedora-clang 1.0.1 59.00 OK
r-devel-linux-x86_64-fedora-gcc 1.0.1 70.98 OK
r-devel-windows-x86_64 1.0.1 3.00 61.00 64.00 OK
r-patched-linux-x86_64 1.0.1 1.71 34.37 36.08 OK
r-release-linux-x86_64 OK
r-release-macos-arm64 1.0.1 41.00 OK
r-release-macos-x86_64 1.0.1 53.00 OK
r-release-windows-x86_64 1.0.1 4.00 65.00 69.00 OK
r-oldrel-macos-arm64 1.0.1 28.00 NOTE
r-oldrel-macos-x86_64 1.0.1 42.00 NOTE
r-oldrel-windows-x86_64 1.0.1 3.00 62.00 65.00 NOTE

Check Details

Version: 1.0.1
Check: CRAN incoming feasibility
Result: NOTE Maintainer: ‘Vincent Landau <vincent@csp-inc.org>’ Package CITATION file contains call(s) to old-style personList() or as.personList(). Please use c() on person objects instead. Package CITATION file contains call(s) to old-style citEntry(). Please use bibentry() instead. Flavors: r-devel-linux-x86_64-debian-clang, r-devel-linux-x86_64-debian-gcc

Version: 1.0.1
Check: LazyData
Result: NOTE 'LazyData' is specified without a 'data' directory Flavors: r-oldrel-macos-arm64, r-oldrel-macos-x86_64, r-oldrel-windows-x86_64

These binaries (installable software) and packages are in development.
They may not be fully stable and should be used with caution. We make no claims about them.