Last updated on 2025-10-24 05:51:01 CEST.
| Flavor | Version | Tinstall | Tcheck | Ttotal | Status | Flags |
|---|---|---|---|---|---|---|
| r-devel-linux-x86_64-debian-clang | 0.5.2 | 5.90 | 67.59 | 73.49 | NOTE | |
| r-devel-linux-x86_64-debian-gcc | 0.5.2 | 4.13 | 50.05 | 54.18 | NOTE | |
| r-devel-linux-x86_64-fedora-clang | 0.5.2 | 28.00 | 91.78 | 119.78 | OK | |
| r-devel-linux-x86_64-fedora-gcc | 0.5.2 | 11.00 | 111.16 | 122.16 | OK | |
| r-devel-windows-x86_64 | 0.5.2 | 8.00 | 79.00 | 87.00 | OK | |
| r-patched-linux-x86_64 | 0.5.2 | 5.61 | 62.96 | 68.57 | OK | |
| r-release-linux-x86_64 | 0.5.2 | 5.76 | 62.87 | 68.63 | OK | |
| r-release-macos-arm64 | 0.5.2 | 2.00 | 32.00 | 34.00 | OK | |
| r-release-macos-x86_64 | 0.5.2 | 5.00 | 57.00 | 62.00 | OK | |
| r-release-windows-x86_64 | 0.5.2 | 9.00 | 80.00 | 89.00 | OK | |
| r-oldrel-macos-arm64 | 0.5.2 | 3.00 | 30.00 | 33.00 | OK | |
| r-oldrel-macos-x86_64 | 0.5.2 | 7.00 | 48.00 | 55.00 | OK | |
| r-oldrel-windows-x86_64 | 0.5.2 | 11.00 | 97.00 | 108.00 | OK |
Version: 0.5.2
Check: CRAN incoming feasibility
Result: NOTE
Maintainer: ‘Juan Manuel Truppia <jmtruppia@gmail.com>’
No Authors@R field in DESCRIPTION.
Please add one, modifying
Authors@R: person(given = c("Juan", "Manuel"),
family = "Truppia",
role = c("aut", "cre"),
email = "jmtruppia@gmail.com")
as necessary.
Flavors: r-devel-linux-x86_64-debian-clang, r-devel-linux-x86_64-debian-gcc
These binaries (installable software) and packages are in development.
They may not be fully stable and should be used with caution. We make no claims about them.