Last updated on 2024-07-27 15:50:36 CEST.
Flavor | Version | Tinstall | Tcheck | Ttotal | Status | Flags |
---|---|---|---|---|---|---|
r-devel-linux-x86_64-debian-clang | 1.3.3 | 5.65 | 107.16 | 112.81 | OK | |
r-devel-linux-x86_64-debian-gcc | 1.3.3 | OK | ||||
r-devel-linux-x86_64-fedora-clang | 1.3.3 | 142.27 | NOTE | |||
r-devel-linux-x86_64-fedora-gcc | 1.3.3 | 148.77 | OK | |||
r-devel-windows-x86_64 | 1.3.3 | 10.00 | 110.00 | 120.00 | OK | |
r-patched-linux-x86_64 | 1.3.3 | OK | ||||
r-release-linux-x86_64 | 1.3.3 | 6.95 | 102.91 | 109.86 | OK | |
r-release-macos-arm64 | 1.3.3 | 48.00 | OK | |||
r-release-macos-x86_64 | 1.3.3 | 74.00 | OK | |||
r-release-windows-x86_64 | 1.3.3 | 8.00 | 107.00 | 115.00 | OK | |
r-oldrel-macos-arm64 | 1.3.3 | 52.00 | OK | |||
r-oldrel-macos-x86_64 | 1.3.3 | 103.00 | OK | |||
r-oldrel-windows-x86_64 | 1.3.3 | 10.00 | 126.00 | 136.00 | OK |
Version: 1.3.3
Check: Rd cross-references
Result: NOTE
Undeclared package ‘rlang’ in Rd xrefs
Flavor: r-devel-linux-x86_64-fedora-clang
These binaries (installable software) and packages are in development.
They may not be fully stable and should be used with caution. We make no claims about them.