Last updated on 2025-05-21 21:49:34 CEST.
Flavor | Version | Tinstall | Tcheck | Ttotal | Status | Flags |
---|---|---|---|---|---|---|
r-devel-linux-x86_64-debian-clang | 1.0.0 | 7.34 | 73.96 | 81.30 | OK | |
r-devel-linux-x86_64-debian-gcc | 1.0.0 | 5.73 | 55.44 | 61.17 | OK | |
r-devel-linux-x86_64-fedora-clang | 1.0.0 | 126.63 | NOTE | |||
r-devel-linux-x86_64-fedora-gcc | 1.0.0 | 135.47 | NOTE | |||
r-devel-windows-x86_64 | 1.0.0 | 8.00 | 89.00 | 97.00 | OK | |
r-patched-linux-x86_64 | 1.0.0 | 7.48 | 70.54 | 78.02 | OK | |
r-release-linux-x86_64 | 1.0.0 | 7.02 | 70.26 | 77.28 | OK | |
r-release-macos-arm64 | 1.0.0 | 56.00 | OK | |||
r-release-macos-x86_64 | 1.0.0 | 86.00 | OK | |||
r-release-windows-x86_64 | 1.0.0 | 8.00 | 95.00 | 103.00 | OK | |
r-oldrel-macos-arm64 | 1.0.0 | 43.00 | OK | |||
r-oldrel-macos-x86_64 | 1.0.0 | 65.00 | OK | |||
r-oldrel-windows-x86_64 | 1.0.0 | 11.00 | 103.00 | 114.00 | OK |
Version: 1.0.0
Check: dependencies in R code
Result: NOTE
Namespace in Imports field not imported from: ‘Rcpp’
All declared Imports should be used.
Flavors: r-devel-linux-x86_64-fedora-clang, r-devel-linux-x86_64-fedora-gcc
These binaries (installable software) and packages are in development.
They may not be fully stable and should be used with caution. We make no claims about them.