CRAN Package Check Results for Package twangContinuous

Last updated on 2025-02-16 08:51:04 CET.

Flavor Version Tinstall Tcheck Ttotal Status Flags
r-devel-linux-x86_64-debian-clang 1.0.0 6.57 72.43 79.00 OK
r-devel-linux-x86_64-debian-gcc 1.0.0 5.36 54.84 60.20 OK
r-devel-linux-x86_64-fedora-clang 1.0.0 129.89 NOTE
r-devel-linux-x86_64-fedora-gcc 1.0.0 136.30 NOTE
r-devel-macos-arm64 1.0.0 48.00 OK
r-devel-macos-x86_64 1.0.0 83.00 OK
r-devel-windows-x86_64 1.0.0 10.00 86.00 96.00 OK
r-patched-linux-x86_64 1.0.0 7.08 68.42 75.50 OK
r-release-linux-x86_64 1.0.0 7.12 66.95 74.07 OK
r-release-macos-arm64 1.0.0 43.00 OK
r-release-macos-x86_64 1.0.0 65.00 OK
r-release-windows-x86_64 1.0.0 8.00 83.00 91.00 OK
r-oldrel-macos-arm64 1.0.0 50.00 OK
r-oldrel-macos-x86_64 1.0.0 74.00 OK
r-oldrel-windows-x86_64 1.0.0 10.00 101.00 111.00 OK

Check Details

Version: 1.0.0
Check: dependencies in R code
Result: NOTE Namespace in Imports field not imported from: ‘Rcpp’ All declared Imports should be used. Flavors: r-devel-linux-x86_64-fedora-clang, r-devel-linux-x86_64-fedora-gcc

These binaries (installable software) and packages are in development.
They may not be fully stable and should be used with caution. We make no claims about them.