Last updated on 2025-02-16 08:51:04 CET.
Flavor | Version | Tinstall | Tcheck | Ttotal | Status | Flags |
---|---|---|---|---|---|---|
r-devel-linux-x86_64-debian-clang | 1.0 | 9.21 | 589.07 | 598.28 | NOTE | |
r-devel-linux-x86_64-debian-gcc | 1.0 | 6.63 | 545.55 | 552.18 | NOTE | |
r-devel-linux-x86_64-fedora-clang | 1.0 | 773.71 | OK | |||
r-devel-linux-x86_64-fedora-gcc | 1.0 | 986.04 | OK | |||
r-devel-macos-arm64 | 1.0 | 294.00 | OK | |||
r-devel-macos-x86_64 | 1.0 | 665.00 | OK | |||
r-devel-windows-x86_64 | 1.0 | 10.00 | 298.00 | 308.00 | NOTE | |
r-patched-linux-x86_64 | 1.0 | 13.33 | 711.44 | 724.77 | OK | |
r-release-linux-x86_64 | 1.0 | 8.54 | 688.58 | 697.12 | OK | |
r-release-macos-arm64 | 1.0 | 279.00 | OK | |||
r-release-macos-x86_64 | 1.0 | 408.00 | OK | |||
r-release-windows-x86_64 | 1.0 | 12.00 | 296.00 | 308.00 | OK | |
r-oldrel-macos-arm64 | 1.0 | 334.00 | OK | |||
r-oldrel-macos-x86_64 | 1.0 | 519.00 | NOTE | |||
r-oldrel-windows-x86_64 | 1.0 | 14.00 | 377.00 | 391.00 | OK |
Version: 1.0
Check: Rd cross-references
Result: NOTE
Found the following Rd file(s) with Rd \link{} targets missing package
anchors:
plot.ps.xgb.Rd: ggplot
ps.xgb.Rd: xgboost
Please provide package anchors for all Rd \link{} targets not in the
package itself and the base packages.
Flavors: r-devel-linux-x86_64-debian-clang, r-devel-linux-x86_64-debian-gcc, r-devel-windows-x86_64
Version: 1.0
Check: Rd cross-references
Result: NOTE
Package unavailable to check Rd xrefs: ‘twang’
Flavor: r-oldrel-macos-x86_64
These binaries (installable software) and packages are in development.
They may not be fully stable and should be used with caution. We make no claims about them.