Last updated on 2025-05-21 21:49:34 CEST.
Flavor | Version | Tinstall | Tcheck | Ttotal | Status | Flags |
---|---|---|---|---|---|---|
r-devel-linux-x86_64-debian-clang | 1.0.0 | 44.15 | 22.42 | 66.57 | OK | |
r-devel-linux-x86_64-debian-gcc | 1.0.0 | 37.24 | 21.80 | 59.04 | OK | |
r-devel-linux-x86_64-fedora-clang | 1.0.0 | 116.49 | OK | |||
r-devel-linux-x86_64-fedora-gcc | 1.0.0 | 145.88 | OK | |||
r-devel-windows-x86_64 | 1.0.0 | 49.00 | 72.00 | 121.00 | OK | |
r-patched-linux-x86_64 | 1.0.0 | 49.29 | 26.15 | 75.44 | OK | |
r-release-linux-x86_64 | 1.0.0 | 52.17 | 26.05 | 78.22 | OK | |
r-release-macos-arm64 | 1.0.0 | 37.00 | OK | |||
r-release-macos-x86_64 | 1.0.0 | 55.00 | OK | |||
r-release-windows-x86_64 | 1.0.0 | 50.00 | 74.00 | 124.00 | OK | |
r-oldrel-macos-arm64 | 1.0.0 | 38.00 | NOTE | |||
r-oldrel-macos-x86_64 | 1.0.0 | 73.00 | NOTE | |||
r-oldrel-windows-x86_64 | 1.0.0 | 57.00 | 79.00 | 136.00 | OK |
Version: 1.0.0
Check: installed package size
Result: NOTE
installed size is 19.2Mb
sub-directories of 1Mb or more:
libs 19.1Mb
Flavors: r-oldrel-macos-arm64, r-oldrel-macos-x86_64
These binaries (installable software) and packages are in development.
They may not be fully stable and should be used with caution. We make no claims about them.