Last updated on 2025-10-23 23:49:50 CEST.
| Flavor | Version | Tinstall | Tcheck | Ttotal | Status | Flags |
|---|---|---|---|---|---|---|
| r-devel-linux-x86_64-debian-clang | 1.0 | 11.62 | 25.98 | 37.60 | NOTE | |
| r-devel-linux-x86_64-debian-gcc | 1.0 | 8.16 | 20.52 | 28.68 | NOTE | |
| r-devel-linux-x86_64-fedora-clang | 1.0 | 66.00 | -2.01 | 63.99 | NOTE | |
| r-devel-linux-x86_64-fedora-gcc | 1.0 | 27.00 | 30.90 | 57.90 | NOTE | |
| r-devel-windows-x86_64 | 1.0 | 14.00 | 68.00 | 82.00 | NOTE | |
| r-patched-linux-x86_64 | 1.0 | 12.62 | 24.45 | 37.07 | NOTE | |
| r-release-linux-x86_64 | 1.0 | 12.45 | 24.26 | 36.71 | NOTE | |
| r-release-macos-arm64 | 1.0 | 5.00 | 15.00 | 20.00 | NOTE | |
| r-release-macos-x86_64 | 1.0 | 10.00 | 29.00 | 39.00 | NOTE | |
| r-release-windows-x86_64 | 1.0 | 15.00 | 71.00 | 86.00 | NOTE | |
| r-oldrel-macos-arm64 | 1.0 | 6.00 | 17.00 | 23.00 | NOTE | |
| r-oldrel-macos-x86_64 | 1.0 | 9.00 | 24.00 | 33.00 | NOTE | |
| r-oldrel-windows-x86_64 | 1.0 | 14.00 | 80.00 | 94.00 | NOTE |
Version: 1.0
Check: C++ specification
Result: NOTE
Specified C++11: please drop specification unless essential
Flavors: r-devel-linux-x86_64-debian-clang, r-devel-linux-x86_64-debian-gcc, r-devel-linux-x86_64-fedora-clang, r-devel-linux-x86_64-fedora-gcc, r-devel-windows-x86_64, r-patched-linux-x86_64, r-release-linux-x86_64, r-release-macos-arm64, r-release-macos-x86_64, r-release-windows-x86_64, r-oldrel-macos-arm64, r-oldrel-macos-x86_64, r-oldrel-windows-x86_64
These binaries (installable software) and packages are in development.
They may not be fully stable and should be used with caution. We make no claims about them.