CRAN Package Check Results for Package twitterwidget

Last updated on 2025-07-09 21:51:27 CEST.

Flavor Version Tinstall Tcheck Ttotal Status Flags
r-devel-linux-x86_64-debian-clang 0.1.1 2.21 24.39 26.60 OK
r-devel-linux-x86_64-debian-gcc 0.1.1 1.78 20.16 21.94 OK
r-devel-linux-x86_64-fedora-clang 0.1.1 43.46 OK
r-devel-linux-x86_64-fedora-gcc 0.1.1 38.48 OK
r-devel-windows-x86_64 0.1.1 5.00 48.00 53.00 OK
r-patched-linux-x86_64 0.1.1 2.45 22.06 24.51 OK
r-release-linux-x86_64 0.1.1 2.27 22.09 24.36 OK
r-release-macos-arm64 0.1.1 18.00 OK
r-release-macos-x86_64 0.1.1 30.00 OK
r-release-windows-x86_64 0.1.1 4.00 50.00 54.00 OK
r-oldrel-macos-arm64 0.1.1 17.00 NOTE
r-oldrel-macos-x86_64 0.1.1 25.00 NOTE
r-oldrel-windows-x86_64 0.1.1 4.00 52.00 56.00 NOTE

Check Details

Version: 0.1.1
Check: LazyData
Result: NOTE 'LazyData' is specified without a 'data' directory Flavors: r-oldrel-macos-arm64, r-oldrel-macos-x86_64, r-oldrel-windows-x86_64

These binaries (installable software) and packages are in development.
They may not be fully stable and should be used with caution. We make no claims about them.