CRAN Package Check Results for Package twitterwidget

Last updated on 2025-05-02 13:51:01 CEST.

Flavor Version Tinstall Tcheck Ttotal Status Flags
r-devel-linux-x86_64-debian-clang 0.1.1 2.27 23.87 26.14 OK
r-devel-linux-x86_64-debian-gcc 0.1.1 1.63 19.91 21.54 OK
r-devel-linux-x86_64-fedora-clang 0.1.1 38.94 OK
r-devel-linux-x86_64-fedora-gcc 0.1.1 38.21 OK
r-devel-windows-x86_64 0.1.1 4.00 58.00 62.00 OK
r-patched-linux-x86_64 0.1.1 2.30 22.00 24.30 OK
r-release-linux-x86_64 OK
r-release-macos-arm64 0.1.1 18.00 OK
r-release-macos-x86_64 0.1.1 30.00 OK
r-release-windows-x86_64 0.1.1 5.00 54.00 59.00 OK
r-oldrel-macos-arm64 0.1.1 17.00 NOTE
r-oldrel-macos-x86_64 0.1.1 25.00 NOTE
r-oldrel-windows-x86_64 0.1.1 5.00 49.00 54.00 NOTE

Check Details

Version: 0.1.1
Check: LazyData
Result: NOTE 'LazyData' is specified without a 'data' directory Flavors: r-oldrel-macos-arm64, r-oldrel-macos-x86_64, r-oldrel-windows-x86_64

These binaries (installable software) and packages are in development.
They may not be fully stable and should be used with caution. We make no claims about them.