Last updated on 2025-11-11 15:50:51 CET.
| Flavor | Version | Tinstall | Tcheck | Ttotal | Status | Flags |
|---|---|---|---|---|---|---|
| r-devel-linux-x86_64-debian-clang | 1.0 | 17.79 | 87.44 | 105.23 | NOTE | |
| r-devel-linux-x86_64-debian-gcc | 1.0 | 12.31 | 63.66 | 75.97 | NOTE | |
| r-devel-linux-x86_64-fedora-clang | 1.0 | 36.00 | 122.52 | 158.52 | OK | |
| r-devel-linux-x86_64-fedora-gcc | 1.0 | 36.00 | 119.55 | 155.55 | OK | |
| r-devel-windows-x86_64 | 1.0 | 16.00 | 91.00 | 107.00 | OK | |
| r-patched-linux-x86_64 | 1.0 | 17.72 | 83.49 | 101.21 | OK | |
| r-release-linux-x86_64 | 1.0 | 17.38 | 82.47 | 99.85 | OK | |
| r-release-macos-arm64 | 1.0 | 21.00 | 48.00 | 69.00 | OK | |
| r-release-macos-x86_64 | 1.0 | 23.00 | 86.00 | 109.00 | OK | |
| r-release-windows-x86_64 | 1.0 | 16.00 | 92.00 | 108.00 | OK | |
| r-oldrel-macos-arm64 | 1.0 | 11.00 | 40.00 | 51.00 | OK | |
| r-oldrel-macos-x86_64 | 1.0 | 17.00 | 62.00 | 79.00 | OK | |
| r-oldrel-windows-x86_64 | 1.0 | 27.00 | 117.00 | 144.00 | OK |
Version: 1.0
Check: CRAN incoming feasibility
Result: NOTE
Maintainer: ‘Michael Swanson <dms866@mail.harvard.edu>’
No Authors@R field in DESCRIPTION.
Please add one, modifying
Authors@R: person(given = "Michael",
family = "Swanson",
role = c("aut", "cre"),
email = "dms866@mail.harvard.edu")
as necessary.
Flavors: r-devel-linux-x86_64-debian-clang, r-devel-linux-x86_64-debian-gcc
These binaries (installable software) and packages are in development.
They may not be fully stable and should be used with caution. We make no claims about them.