Last updated on 2025-07-22 19:52:04 CEST.
Flavor | Version | Tinstall | Tcheck | Ttotal | Status | Flags |
---|---|---|---|---|---|---|
r-devel-linux-x86_64-debian-clang | 1.0 | 17.18 | 85.59 | 102.77 | NOTE | |
r-devel-linux-x86_64-debian-gcc | 1.0 | 13.44 | 66.02 | 79.46 | NOTE | |
r-devel-linux-x86_64-fedora-clang | 1.0 | 175.21 | OK | |||
r-devel-linux-x86_64-fedora-gcc | 1.0 | 153.71 | OK | |||
r-devel-windows-x86_64 | 1.0 | 14.00 | 0.00 | 14.00 | OK | |
r-patched-linux-x86_64 | 1.0 | 16.61 | 80.22 | 96.83 | OK | |
r-release-linux-x86_64 | 1.0 | 16.66 | 78.86 | 95.52 | OK | |
r-release-macos-arm64 | 1.0 | 69.00 | OK | |||
r-release-macos-x86_64 | 1.0 | 109.00 | OK | |||
r-release-windows-x86_64 | 1.0 | 15.00 | 93.00 | 108.00 | OK | |
r-oldrel-macos-arm64 | 1.0 | 51.00 | OK | |||
r-oldrel-macos-x86_64 | 1.0 | 79.00 | OK | |||
r-oldrel-windows-x86_64 | 1.0 | 24.00 | 111.00 | 135.00 | OK |
Version: 1.0
Check: CRAN incoming feasibility
Result: NOTE
Maintainer: ‘Michael Swanson <dms866@mail.harvard.edu>’
No Authors@R field in DESCRIPTION.
Please add one, modifying
Authors@R: person(given = "Michael",
family = "Swanson",
role = c("aut", "cre"),
email = "dms866@mail.harvard.edu")
as necessary.
Flavors: r-devel-linux-x86_64-debian-clang, r-devel-linux-x86_64-debian-gcc
These binaries (installable software) and packages are in development.
They may not be fully stable and should be used with caution. We make no claims about them.