Last updated on 2025-02-23 07:52:13 CET.
Flavor | Version | Tinstall | Tcheck | Ttotal | Status | Flags |
---|---|---|---|---|---|---|
r-devel-linux-x86_64-debian-clang | 2.0.1 | 5.88 | 24.56 | 30.44 | OK | |
r-devel-linux-x86_64-debian-gcc | 2.0.1 | 4.09 | 19.12 | 23.21 | OK | |
r-devel-linux-x86_64-fedora-clang | 2.0.1 | 55.93 | WARN | |||
r-devel-linux-x86_64-fedora-gcc | 2.0.1 | 47.85 | OK | |||
r-devel-macos-arm64 | 2.0.1 | 18.00 | OK | |||
r-devel-macos-x86_64 | 2.0.1 | 36.00 | OK | |||
r-devel-windows-x86_64 | 2.0.1 | 8.00 | 53.00 | 61.00 | OK | |
r-patched-linux-x86_64 | 2.0.1 | 5.09 | 23.33 | 28.42 | OK | |
r-release-linux-x86_64 | 2.0.1 | 4.76 | 23.67 | 28.43 | OK | |
r-release-macos-arm64 | 2.0.1 | 29.00 | OK | |||
r-release-macos-x86_64 | 2.0.1 | 28.00 | OK | |||
r-release-windows-x86_64 | 2.0.1 | 9.00 | 54.00 | 63.00 | OK | |
r-oldrel-macos-arm64 | 2.0.1 | 24.00 | OK | |||
r-oldrel-macos-x86_64 | 2.0.1 | 47.00 | OK | |||
r-oldrel-windows-x86_64 | 2.0.1 | 9.00 | 60.00 | 69.00 | OK |
Version: 2.0.1
Check: whether package can be installed
Result: WARN
Found the following significant warnings:
/data/gannet/ripley/R/test-clang/cpp11/include/cpp11/R.hpp:52:31: warning: identifier '_xl' preceded by whitespace in a literal operator declaration is deprecated [-Wdeprecated-literal-operator]
/data/gannet/ripley/R/test-clang/cpp11/include/cpp11/named_arg.hpp:42:29: warning: identifier '_nm' preceded by whitespace in a literal operator declaration is deprecated [-Wdeprecated-literal-operator]
See ‘/data/gannet/ripley/R/packages/tests-clang/twosamples.Rcheck/00install.out’ for details.
* used C++ compiler: ‘clang version 20.1.0-rc2’
Flavor: r-devel-linux-x86_64-fedora-clang
These binaries (installable software) and packages are in development.
They may not be fully stable and should be used with caution. We make no claims about them.