Last updated on 2025-11-11 15:50:51 CET.
| Flavor | Version | Tinstall | Tcheck | Ttotal | Status | Flags |
|---|---|---|---|---|---|---|
| r-devel-linux-x86_64-debian-clang | 2.0.1 | 5.52 | 28.57 | 34.09 | NOTE | |
| r-devel-linux-x86_64-debian-gcc | 2.0.1 | 3.51 | 22.04 | 25.55 | NOTE | |
| r-devel-linux-x86_64-fedora-clang | 2.0.1 | 16.00 | 37.79 | 53.79 | OK | |
| r-devel-linux-x86_64-fedora-gcc | 2.0.1 | 12.00 | 36.14 | 48.14 | OK | |
| r-devel-windows-x86_64 | 2.0.1 | 9.00 | 50.00 | 59.00 | OK | |
| r-patched-linux-x86_64 | 2.0.1 | 4.73 | 26.24 | 30.97 | OK | |
| r-release-linux-x86_64 | 2.0.1 | 4.56 | 25.67 | 30.23 | OK | |
| r-release-macos-arm64 | 2.0.1 | 4.00 | 18.00 | 22.00 | OK | |
| r-release-macos-x86_64 | 2.0.1 | 6.00 | 30.00 | 36.00 | OK | |
| r-release-windows-x86_64 | 2.0.1 | 8.00 | 51.00 | 59.00 | OK | |
| r-oldrel-macos-arm64 | 2.0.1 | 4.00 | 25.00 | 29.00 | OK | |
| r-oldrel-macos-x86_64 | 2.0.1 | 4.00 | 24.00 | 28.00 | OK | |
| r-oldrel-windows-x86_64 | 2.0.1 | 11.00 | 59.00 | 70.00 | OK |
Version: 2.0.1
Check: CRAN incoming feasibility
Result: NOTE
Maintainer: ‘Connor Dowd <cd@codowd.com>’
The Description field contains
that of Anderson-Darling. See the companion paper at <arXiv:2007.01360>
Please refer to arXiv e-prints via their arXiv DOI <doi:10.48550/arXiv.YYMM.NNNNN>.
Flavors: r-devel-linux-x86_64-debian-clang, r-devel-linux-x86_64-debian-gcc
These binaries (installable software) and packages are in development.
They may not be fully stable and should be used with caution. We make no claims about them.