Last updated on 2025-07-22 13:49:27 CEST.
Flavor | Version | Tinstall | Tcheck | Ttotal | Status | Flags |
---|---|---|---|---|---|---|
r-devel-linux-x86_64-debian-clang | 2.0.1 | 5.93 | 27.07 | 33.00 | NOTE | |
r-devel-linux-x86_64-debian-gcc | 2.0.1 | 3.88 | 21.72 | 25.60 | NOTE | |
r-devel-linux-x86_64-fedora-clang | 2.0.1 | 56.40 | OK | |||
r-devel-linux-x86_64-fedora-gcc | 2.0.1 | 47.77 | OK | |||
r-devel-windows-x86_64 | 2.0.1 | 8.00 | 52.00 | 60.00 | OK | |
r-patched-linux-x86_64 | 2.0.1 | 4.72 | 24.18 | 28.90 | OK | |
r-release-linux-x86_64 | 2.0.1 | 4.78 | 24.25 | 29.03 | OK | |
r-release-macos-arm64 | 2.0.1 | 22.00 | OK | |||
r-release-macos-x86_64 | 2.0.1 | 36.00 | OK | |||
r-release-windows-x86_64 | 2.0.1 | 8.00 | 56.00 | 64.00 | OK | |
r-oldrel-macos-arm64 | 2.0.1 | 29.00 | OK | |||
r-oldrel-macos-x86_64 | 2.0.1 | 28.00 | OK | |||
r-oldrel-windows-x86_64 | 2.0.1 | 9.00 | 63.00 | 72.00 | OK |
Version: 2.0.1
Check: CRAN incoming feasibility
Result: NOTE
Maintainer: ‘Connor Dowd <cd@codowd.com>’
The Description field contains
that of Anderson-Darling. See the companion paper at <arXiv:2007.01360>
Please refer to arXiv e-prints via their arXiv DOI <doi:10.48550/arXiv.YYMM.NNNNN>.
Flavors: r-devel-linux-x86_64-debian-clang, r-devel-linux-x86_64-debian-gcc
These binaries (installable software) and packages are in development.
They may not be fully stable and should be used with caution. We make no claims about them.