CRAN Package Check Results for Package txshift

Last updated on 2025-05-01 14:49:25 CEST.

Flavor Version Tinstall Tcheck Ttotal Status Flags
r-devel-linux-x86_64-debian-clang 0.3.8 13.83 182.10 195.93 NOTE
r-devel-linux-x86_64-debian-gcc 0.3.8 8.64 117.27 125.91 NOTE
r-devel-linux-x86_64-fedora-clang 0.3.8 288.86 NOTE
r-devel-linux-x86_64-fedora-gcc 0.3.8 296.38 NOTE
r-devel-windows-x86_64 0.3.8 14.00 181.00 195.00 NOTE
r-patched-linux-x86_64 0.3.8 13.25 169.27 182.52 NOTE
r-release-linux-x86_64 NOTE
r-release-macos-arm64 0.3.8 76.00 NOTE
r-release-macos-x86_64 0.3.8 173.00 NOTE
r-release-windows-x86_64 0.3.8 17.00 183.00 200.00 NOTE
r-oldrel-macos-arm64 0.3.8 72.00 NOTE
r-oldrel-macos-x86_64 0.3.8 124.00 NOTE
r-oldrel-windows-x86_64 0.3.8 17.00 236.00 253.00 NOTE

Check Details

Version: 0.3.8
Check: Rd files
Result: NOTE checkRd: (-1) est_g_exp.Rd:55: Lost braces; missing escapes or markup? 55 | {A - delta}, {A + delta}, and {A + 2 * delta}). | ^ checkRd: (-1) est_g_exp.Rd:55: Lost braces; missing escapes or markup? 55 | {A - delta}, {A + delta}, and {A + 2 * delta}). | ^ checkRd: (-1) est_g_exp.Rd:55: Lost braces; missing escapes or markup? 55 | {A - delta}, {A + delta}, and {A + 2 * delta}). | ^ Flavors: r-devel-linux-x86_64-debian-clang, r-devel-linux-x86_64-debian-gcc, r-devel-linux-x86_64-fedora-clang, r-devel-linux-x86_64-fedora-gcc, r-devel-windows-x86_64, r-patched-linux-x86_64, r-release-linux-x86_64, r-release-macos-arm64, r-release-macos-x86_64, r-release-windows-x86_64, r-oldrel-macos-arm64, r-oldrel-macos-x86_64, r-oldrel-windows-x86_64

Version: 0.3.8
Check: examples
Result: NOTE Examples with CPU (user + system) or elapsed time > 5s user system elapsed txshift 4.949 0.052 5.834 Flavor: r-devel-linux-x86_64-debian-clang

Version: 0.3.8
Check: package dependencies
Result: NOTE Package which this enhances but not available for checking: ‘sl3’ Flavors: r-oldrel-macos-arm64, r-oldrel-macos-x86_64, r-oldrel-windows-x86_64

These binaries (installable software) and packages are in development.
They may not be fully stable and should be used with caution. We make no claims about them.