CRAN Package Check Results for Package txtq

Last updated on 2025-10-23 21:51:46 CEST.

Flavor Version Tinstall Tcheck Ttotal Status Flags
r-devel-linux-x86_64-debian-clang 0.2.4 2.67 25.07 27.74 NOTE
r-devel-linux-x86_64-debian-gcc 0.2.4 2.06 19.86 21.92 OK
r-devel-linux-x86_64-fedora-clang 0.2.4 15.00 25.85 40.85 OK
r-devel-linux-x86_64-fedora-gcc 0.2.4 37.84 OK
r-devel-windows-x86_64 0.2.4 4.00 43.00 47.00 OK
r-patched-linux-x86_64 0.2.4 2.46 22.46 24.92 OK
r-release-linux-x86_64 0.2.4 2.44 22.16 24.60 OK
r-release-macos-arm64 0.2.4 2.00 25.00 27.00 OK
r-release-macos-x86_64 0.2.4 3.00 35.00 38.00 OK
r-release-windows-x86_64 0.2.4 5.00 46.00 51.00 OK
r-oldrel-macos-arm64 0.2.4 1.00 17.00 18.00 OK
r-oldrel-macos-x86_64 0.2.4 3.00 25.00 28.00 OK
r-oldrel-windows-x86_64 0.2.4 5.00 49.00 54.00 OK

Check Details

Version: 0.2.4
Check: HTML version of manual
Result: NOTE Found the following HTML validation problems: R6_txtq.html:129:1 (R6_txtq.Rd:61): Warning: <h5> anchor "Usage" already defined R6_txtq.html:145:1 (R6_txtq.Rd:71): Warning: <h5> anchor "Usage" already defined R6_txtq.html:161:1 (R6_txtq.Rd:81): Warning: <h5> anchor "Usage" already defined R6_txtq.html:177:1 (R6_txtq.Rd:91): Warning: <h5> anchor "Usage" already defined R6_txtq.html:193:1 (R6_txtq.Rd:101): Warning: <h5> anchor "Usage" already defined R6_txtq.html:209:1 (R6_txtq.Rd:111): Warning: <h5> anchor "Usage" already defined R6_txtq.html:215:1 (R6_txtq.Rd:115): Warning: <h5> anchor "Arguments" already defined R6_txtq.html:238:1 (R6_txtq.Rd:128): Warning: <h5> anchor "Usage" already defined R6_txtq.html:244:1 (R6_txtq.Rd:132): Warning: <h5> anchor "Arguments" already defined R6_txtq.html:267:1 (R6_txtq.Rd:145): Warning: <h5> anchor "Usage" already defined R6_txtq.html:273:1 (R6_txtq.Rd:149): Warning: <h5> anchor "Arguments" already defined R6_txtq.html:298:1 (R6_txtq.Rd:164): Warning: <h5> anchor "Usage" already defined R6_txtq.html:314:1 (R6_txtq.Rd:174): Warning: <h5> anchor "Usage" already defined R6_txtq.html:330:1 (R6_txtq.Rd:184): Warning: <h5> anchor "Usage" already defined R6_txtq.html:346:1 (R6_txtq.Rd:194): Warning: <h5> anchor "Usage" already defined R6_txtq.html:362:1 (R6_txtq.Rd:204): Warning: <h5> anchor "Usage" already defined R6_txtq.html:368:1 (R6_txtq.Rd:208): Warning: <h5> anchor "Arguments" already defined R6_txtq.html:391:1 (R6_txtq.Rd:221): Warning: <h5> anchor "Usage" already defined R6_txtq.html:397:1 (R6_txtq.Rd:225): Warning: <h5> anchor "Arguments" already defined Flavor: r-devel-linux-x86_64-debian-clang

These binaries (installable software) and packages are in development.
They may not be fully stable and should be used with caution. We make no claims about them.