Last updated on 2025-07-01 21:52:15 CEST.
Flavor | Version | Tinstall | Tcheck | Ttotal | Status | Flags |
---|---|---|---|---|---|---|
r-devel-linux-x86_64-debian-clang | 0.0.1 | 2.48 | 26.02 | 28.50 | OK | |
r-devel-linux-x86_64-debian-gcc | 0.0.1 | 1.78 | 20.96 | 22.74 | OK | |
r-devel-linux-x86_64-fedora-clang | 0.0.1 | 42.14 | OK | |||
r-devel-linux-x86_64-fedora-gcc | 0.0.1 | 43.05 | OK | |||
r-devel-windows-x86_64 | 0.0.1 | 3.00 | 43.00 | 46.00 | OK | |
r-patched-linux-x86_64 | OK | |||||
r-release-linux-x86_64 | 0.0.1 | 2.29 | 23.34 | 25.63 | OK | |
r-release-macos-arm64 | 0.0.1 | 21.00 | OK | |||
r-release-macos-x86_64 | 0.0.1 | 28.00 | OK | |||
r-release-windows-x86_64 | 0.0.1 | 3.00 | 48.00 | 51.00 | OK | |
r-oldrel-macos-arm64 | 0.0.1 | 18.00 | NOTE | |||
r-oldrel-macos-x86_64 | 0.0.1 | 25.00 | NOTE | |||
r-oldrel-windows-x86_64 | 0.0.1 | 5.00 | 50.00 | 55.00 | NOTE |
Version: 0.0.1
Check: LazyData
Result: NOTE
'LazyData' is specified without a 'data' directory
Flavors: r-oldrel-macos-arm64, r-oldrel-macos-x86_64, r-oldrel-windows-x86_64
These binaries (installable software) and packages are in development.
They may not be fully stable and should be used with caution. We make no claims about them.