CRAN Package Check Results for Package types

Last updated on 2025-07-02 01:51:54 CEST.

Flavor Version Tinstall Tcheck Ttotal Status Flags
r-devel-linux-x86_64-debian-clang 1.0.0 1.59 18.83 20.42 OK
r-devel-linux-x86_64-debian-gcc 1.0.0 1.33 16.16 17.49 OK
r-devel-linux-x86_64-fedora-clang 1.0.0 29.87 OK
r-devel-linux-x86_64-fedora-gcc 1.0.0 30.20 OK
r-devel-windows-x86_64 1.0.0 3.00 35.00 38.00 OK
r-patched-linux-x86_64 OK
r-release-linux-x86_64 1.0.0 1.40 16.63 18.03 OK
r-release-macos-arm64 1.0.0 14.00 OK
r-release-macos-x86_64 1.0.0 21.00 OK
r-release-windows-x86_64 1.0.0 2.00 37.00 39.00 OK
r-oldrel-macos-arm64 1.0.0 13.00 NOTE
r-oldrel-macos-x86_64 1.0.0 20.00 NOTE
r-oldrel-windows-x86_64 1.0.0 3.00 34.00 37.00 NOTE

Check Details

Version: 1.0.0
Check: LazyData
Result: NOTE 'LazyData' is specified without a 'data' directory Flavors: r-oldrel-macos-arm64, r-oldrel-macos-x86_64, r-oldrel-windows-x86_64

These binaries (installable software) and packages are in development.
They may not be fully stable and should be used with caution. We make no claims about them.