Last updated on 2025-05-08 04:52:22 CEST.
Flavor | Version | Tinstall | Tcheck | Ttotal | Status | Flags |
---|---|---|---|---|---|---|
r-devel-linux-x86_64-debian-clang | 1.0.0 | 1.61 | 18.38 | 19.99 | OK | |
r-devel-linux-x86_64-debian-gcc | 1.0.0 | 1.35 | 15.29 | 16.64 | OK | |
r-devel-linux-x86_64-fedora-clang | 1.0.0 | 29.76 | OK | |||
r-devel-linux-x86_64-fedora-gcc | 1.0.0 | 28.55 | OK | |||
r-devel-windows-x86_64 | 1.0.0 | 2.00 | 35.00 | 37.00 | OK | |
r-patched-linux-x86_64 | 1.0.0 | 1.65 | 16.60 | 18.25 | OK | |
r-release-linux-x86_64 | 1.0.0 | 1.53 | 16.62 | 18.15 | OK | |
r-release-macos-arm64 | 1.0.0 | 14.00 | OK | |||
r-release-macos-x86_64 | 1.0.0 | 21.00 | OK | |||
r-release-windows-x86_64 | 1.0.0 | 2.00 | 37.00 | 39.00 | OK | |
r-oldrel-macos-arm64 | 1.0.0 | 13.00 | NOTE | |||
r-oldrel-macos-x86_64 | 1.0.0 | 20.00 | NOTE | |||
r-oldrel-windows-x86_64 | 1.0.0 | 3.00 | 34.00 | 37.00 | NOTE |
Version: 1.0.0
Check: LazyData
Result: NOTE
'LazyData' is specified without a 'data' directory
Flavors: r-oldrel-macos-arm64, r-oldrel-macos-x86_64, r-oldrel-windows-x86_64
These binaries (installable software) and packages are in development.
They may not be fully stable and should be used with caution. We make no claims about them.