CRAN Package Check Results for Package types

Last updated on 2025-11-11 15:50:51 CET.

Flavor Version Tinstall Tcheck Ttotal Status Flags
r-devel-linux-x86_64-debian-clang 1.0.0 1.67 20.11 21.78 OK
r-devel-linux-x86_64-debian-gcc 1.0.0 1.37 16.54 17.91 OK
r-devel-linux-x86_64-fedora-clang 1.0.0 30.39 OK
r-devel-linux-x86_64-fedora-gcc 1.0.0 28.70 OK
r-devel-windows-x86_64 1.0.0 3.00 33.00 36.00 OK
r-patched-linux-x86_64 1.0.0 1.59 17.92 19.51 OK
r-release-linux-x86_64 1.0.0 1.37 18.06 19.43 OK
r-release-macos-arm64 1.0.0 1.00 13.00 14.00 OK
r-release-macos-x86_64 1.0.0 2.00 19.00 21.00 OK
r-release-windows-x86_64 1.0.0 3.00 34.00 37.00 OK
r-oldrel-macos-arm64 1.0.0 1.00 12.00 13.00 NOTE
r-oldrel-macos-x86_64 1.0.0 1.00 19.00 20.00 NOTE
r-oldrel-windows-x86_64 1.0.0 3.00 34.00 37.00 NOTE

Check Details

Version: 1.0.0
Check: LazyData
Result: NOTE 'LazyData' is specified without a 'data' directory Flavors: r-oldrel-macos-arm64, r-oldrel-macos-x86_64, r-oldrel-windows-x86_64

These binaries (installable software) and packages are in development.
They may not be fully stable and should be used with caution. We make no claims about them.