CRAN Package Check Results for Package typetracer

Last updated on 2025-05-01 12:49:44 CEST.

Flavor Version Tinstall Tcheck Ttotal Status Flags
r-devel-linux-x86_64-debian-clang 0.2.2 2.74 37.13 39.87 NOTE
r-devel-linux-x86_64-debian-gcc 0.2.2 2.31 30.30 32.61 NOTE
r-devel-linux-x86_64-fedora-clang 0.2.2 64.02 NOTE
r-devel-linux-x86_64-fedora-gcc 0.2.2 74.66 NOTE
r-devel-windows-x86_64 0.2.2 6.00 65.00 71.00 NOTE
r-patched-linux-x86_64 0.2.2 3.19 35.52 38.71 NOTE
r-release-linux-x86_64 NOTE
r-release-macos-arm64 0.2.2 64.00 NOTE
r-release-macos-x86_64 0.2.2 62.00 NOTE
r-release-windows-x86_64 0.2.2 9.00 68.00 77.00 NOTE
r-oldrel-macos-arm64 0.2.2 36.00 OK
r-oldrel-macos-x86_64 0.2.2 53.00 OK
r-oldrel-windows-x86_64 0.2.2 8.00 73.00 81.00 OK

Check Details

Version: 0.2.2
Check: compiled code
Result: NOTE File ‘typetracer/libs/typetracer.so’: Found non-API call to R: ‘SET_BODY’ Compiled code should not call non-API entry points in R. See ‘Writing portable packages’ in the ‘Writing R Extensions’ manual, and section ‘Moving into C API compliance’ for issues with the use of non-API entry points. Flavors: r-devel-linux-x86_64-debian-clang, r-devel-linux-x86_64-debian-gcc, r-devel-linux-x86_64-fedora-clang, r-devel-linux-x86_64-fedora-gcc, r-patched-linux-x86_64, r-release-linux-x86_64, r-release-macos-arm64, r-release-macos-x86_64

Version: 0.2.2
Check: compiled code
Result: NOTE File 'typetracer/libs/x64/typetracer.dll': Found non-API call to R: 'SET_BODY' Compiled code should not call non-API entry points in R. See 'Writing portable packages' in the 'Writing R Extensions' manual, and section 'Moving into C API compliance' for issues with the use of non-API entry points. Flavors: r-devel-windows-x86_64, r-release-windows-x86_64

These binaries (installable software) and packages are in development.
They may not be fully stable and should be used with caution. We make no claims about them.