CRAN Package Check Results for Package tzupdater

Last updated on 2025-11-11 15:50:51 CET.

Flavor Version Tinstall Tcheck Ttotal Status Flags
r-devel-linux-x86_64-debian-clang 0.1.5 1.80 18.53 20.33 NOTE
r-devel-linux-x86_64-debian-gcc 0.1.5 1.50 15.38 16.88 NOTE
r-devel-linux-x86_64-fedora-clang 0.1.5 30.27 OK
r-devel-linux-x86_64-fedora-gcc 0.1.5 28.58 OK
r-devel-windows-x86_64 0.1.5 3.00 41.00 44.00 OK
r-patched-linux-x86_64 0.1.5 1.80 17.58 19.38 OK
r-release-linux-x86_64 0.1.5 1.78 17.47 19.25 OK
r-release-macos-arm64 0.1.5 1.00 23.00 24.00 OK
r-release-macos-x86_64 0.1.5 2.00 24.00 26.00 OK
r-release-windows-x86_64 0.1.5 3.00 61.00 64.00 OK
r-oldrel-macos-arm64 0.1.5 1.00 15.00 16.00 OK
r-oldrel-macos-x86_64 0.1.5 1.00 22.00 23.00 OK
r-oldrel-windows-x86_64 0.1.5 3.00 41.00 44.00 OK

Check Details

Version: 0.1.5
Check: CRAN incoming feasibility
Result: NOTE Maintainer: ‘Sebastien Thonnard <sebastien.thonnard@icloud.com>’ No Authors@R field in DESCRIPTION. Please add one, modifying Authors@R: person(given = "Sebastien", family = "Thonnard", role = c("aut", "cre"), email = "sebastien.thonnard@icloud.com") as necessary. Flavors: r-devel-linux-x86_64-debian-clang, r-devel-linux-x86_64-debian-gcc

These binaries (installable software) and packages are in development.
They may not be fully stable and should be used with caution. We make no claims about them.