Last updated on 2025-10-23 23:49:50 CEST.
| Flavor | Version | Tinstall | Tcheck | Ttotal | Status | Flags |
|---|---|---|---|---|---|---|
| r-devel-linux-x86_64-debian-clang | 3.6.0 | 6.68 | 107.03 | 113.71 | NOTE | |
| r-devel-linux-x86_64-debian-gcc | 3.6.0 | 4.96 | 72.36 | 77.32 | OK | |
| r-devel-linux-x86_64-fedora-clang | 3.6.0 | 35.00 | 141.22 | 176.22 | OK | |
| r-devel-linux-x86_64-fedora-gcc | 3.6.0 | 17.00 | 161.36 | 178.36 | OK | |
| r-devel-windows-x86_64 | 3.6.0 | 9.00 | 140.00 | 149.00 | OK | |
| r-patched-linux-x86_64 | 3.6.0 | 10.33 | 99.33 | 109.66 | OK | |
| r-release-linux-x86_64 | 3.6.0 | 6.88 | 100.40 | 107.28 | OK | |
| r-release-macos-arm64 | 3.6.0 | 4.00 | 82.00 | 86.00 | OK | |
| r-release-macos-x86_64 | 3.6.0 | 11.00 | 101.00 | 112.00 | OK | |
| r-release-windows-x86_64 | 3.6.0 | 10.00 | 148.00 | 158.00 | OK | |
| r-oldrel-macos-arm64 | 3.6.0 | 4.00 | 62.00 | 66.00 | OK | |
| r-oldrel-macos-x86_64 | 3.6.0 | 11.00 | 128.00 | 139.00 | OK | |
| r-oldrel-windows-x86_64 | 3.6.0 | 13.00 | 168.00 | 181.00 | OK |
Version: 3.6.0
Check: HTML version of manual
Result: NOTE
Found the following HTML validation problems:
print.gsmarpred.html:56:1 (print.gsmarpred.Rd:14): Warning: missing </ul> before </div>
print.gsmarsum.html:57:1 (print.gsmarsum.Rd:14): Warning: missing </ul> before </div>
Flavor: r-devel-linux-x86_64-debian-clang
These binaries (installable software) and packages are in development.
They may not be fully stable and should be used with caution. We make no claims about them.